{"version":"1.0","provider_name":"Online-Gedenkseite","provider_url":"https:\/\/www.tributoo.com\/de","title":"Bastian Baltes - Online memorial page","type":"rich","width":600,"height":338,"html":"<blockquote class=\"wp-embedded-content\" data-secret=\"qRBDoyj4S2\"><a href=\"https:\/\/www.tributoo.com\/de\/kondolenzbuch\/bastian-baltes\/\">Bastian Baltes<\/a><\/blockquote><iframe sandbox=\"allow-scripts\" security=\"restricted\" src=\"https:\/\/www.tributoo.com\/de\/kondolenzbuch\/bastian-baltes\/embed\/#?secret=qRBDoyj4S2\" width=\"600\" height=\"338\" title=\"&#8222;Bastian Baltes&#8220; &#8211; Online memorial page\" data-secret=\"qRBDoyj4S2\" frameborder=\"0\" marginwidth=\"0\" marginheight=\"0\" scrolling=\"no\" class=\"wp-embedded-content\"><\/iframe><script type=\"text\/javascript\">\n\/* <![CDATA[ *\/\n\/*! This file is auto-generated *\/\n!function(d,l){\"use strict\";l.querySelector&&d.addEventListener&&\"undefined\"!=typeof URL&&(d.wp=d.wp||{},d.wp.receiveEmbedMessage||(d.wp.receiveEmbedMessage=function(e){var t=e.data;if((t||t.secret||t.message||t.value)&&!\/[^a-zA-Z0-9]\/.test(t.secret)){for(var s,r,n,a=l.querySelectorAll('iframe[data-secret=\"'+t.secret+'\"]'),o=l.querySelectorAll('blockquote[data-secret=\"'+t.secret+'\"]'),c=new RegExp(\"^https?:$\",\"i\"),i=0;i<o.length;i++)o[i].style.display=\"none\";for(i=0;i<a.length;i++)s=a[i],e.source===s.contentWindow&&(s.removeAttribute(\"style\"),\"height\"===t.message?(1e3<(r=parseInt(t.value,10))?r=1e3:~~r<200&&(r=200),s.height=r):\"link\"===t.message&&(r=new URL(s.getAttribute(\"src\")),n=new URL(t.value),c.test(n.protocol))&&n.host===r.host&&l.activeElement===s&&(d.top.location.href=t.value))}},d.addEventListener(\"message\",d.wp.receiveEmbedMessage,!1),l.addEventListener(\"DOMContentLoaded\",function(){for(var e,t,s=l.querySelectorAll(\"iframe.wp-embedded-content\"),r=0;r<s.length;r++)(t=(e=s[r]).getAttribute(\"data-secret\"))||(t=Math.random().toString(36).substring(2,12),e.src+=\"#?secret=\"+t,e.setAttribute(\"data-secret\",t)),e.contentWindow.postMessage({message:\"ready\",secret:t},\"*\")},!1)))}(window,document);\n\/\/# sourceURL=https:\/\/www.tributoo.com\/wp-includes\/js\/wp-embed.min.js\n\/* ]]> *\/\n<\/script>","description":"Liebe Familie Koch, mit gro\u00dfer Trauer habe ich vom Abschied von Monique Abeels erfahren. Bitte nehmen Sie mein herzliches und tief empfundenes Mitgef\u00fchl entgegen. Ich erinnere mich an Frau Abeels als eine beeindruckende Pers\u00f6nlichkeit, die mit Tatkraft, Weitblick und Herzlichkeit das Unternehmen \u00fcber viele Jahre gepr\u00e4gt hat. Nach dem Verlust von Berthold Koch f\u00fchrte sie BEKO TECHNOLOGIES mit gro\u00dfem Engagement weiter und blieb dem Unternehmen stets tief verbunden. Ich werde ihr Andenken in Ehren halten und in Dankbarkeit bewahren, was sie f\u00fcr das Unternehmen und die Menschen darin getan hat. Meine Gedanken sind in dieser schweren Zeit bei Ihnen. Im stillen Gedenken Bastian Baltes Download QR code","thumbnail_url":"https:\/\/www.tributoo.com\/wp-content\/uploads\/2024\/10\/tributoo_home_1.webp","thumbnail_width":2048,"thumbnail_height":1198}

Liebe Familie Koch, mit großer Trauer habe ich vom Abschied von Monique Abeels erfahren. Bitte nehmen Sie mein herzliches und tief empfundenes Mitgefühl entgegen. Ich erinnere mich an Frau Abeels als eine beeindruckende Persönlichkeit, die mit Tatkraft, Weitblick und Herzlichkeit das Unternehmen über viele Jahre geprägt hat. Nach dem Verlust von Berthold Koch führte sie BEKO TECHNOLOGIES mit großem Engagement weiter und blieb dem Unternehmen stets tief verbunden. Ich werde ihr Andenken in Ehren halten und in Dankbarkeit bewahren, was sie für das Unternehmen und die Menschen darin getan hat. Meine Gedanken sind in dieser schweren Zeit bei Ihnen. Im stillen Gedenken Bastian Baltes Download QR code
