{"id":3353,"date":"2025-05-15T19:07:15","date_gmt":"2025-05-15T17:07:15","guid":{"rendered":"https:\/\/www.tributoo.com\/kondolenzbuch\/sophie-rosahl\/"},"modified":"2025-05-15T19:07:16","modified_gmt":"2025-05-15T17:07:16","slug":"sophie-rosahl","status":"publish","type":"kondolenzbuch","link":"https:\/\/www.tributoo.com\/de\/kondolenzbuch\/sophie-rosahl\/","title":{"rendered":"Sophie Rosahl"},"content":{"rendered":"<p>Ich war schockiert, als ich von J\u00f6rns pl\u00f6tzlichem Tod h\u00f6rte. In den letzten sieben Jahren war er mein Doktorvater und arbeitete mit mir an einer Muskelanalyse mittels Ultraschall. Ich bin sehr dankbar, von seiner geduldigen Beharrlichkeit, seiner Pr\u00e4zision beim Hinterfragen von Ergebnissen, seinem Einfallsreichtum bei der Entwicklung von Forschungsideen und seiner Neugier auf das Leben im Allgemeinen lernen zu d\u00fcrfen. Er hatte eine starke Vision, sein Wissen und seine Erkenntnisse in die klinische Praxis umzusetzen, und es ist ein gro\u00dfer Verlust, dass er dies nicht mehr tun kann. Ich hoffe, dass sein Wissen und seine Bem\u00fchungen trotz all seiner Lehren und der Initiativen und Projekte, die er ins Leben gerufen hat, nicht verloren gehen.<br \/>\nIch m\u00f6chte seiner Familie und seinen Freunden mein tiefempfundenes Beileid aussprechen.<\/p>\n<div style=\"margin: 20px 0;\"><div class=\"qrcswholewtapper\" style=\"text-align:left;\"><div class=\"qrcprowrapper\"  id=\"qrcwraa2leds\"><div class=\"qrc_canvass\" id=\"qrc_cuttenpages_2\" style=\"display:inline-block\" data-text=\"https:\/\/www.tributoo.com\/de\/kondolenzbuch\/sophie-rosahl\/\"><\/div><div><a download=\"Sophie Rosahl.png\" class=\"qrcdownloads\" id=\"worign\">\r\n           <button type=\"button\" style=\"min-width:220px;background:#dd9933;color:#ffffff;font-weight: 600;border: 1px solid #dd9933;border-radius:5px;font-size:12px;padding: 6px 0;\" class=\"uqr_code_btn\">QR-Code herunterladen<\/button>\r\n           <\/a><\/div><\/div><\/div><\/div>","protected":false},"author":1,"featured_media":0,"template":"","meta":[],"class_list":["post-3353","kondolenzbuch","type-kondolenzbuch","status-publish","hentry"],"yoast_head":"<!-- This site is optimized with the Yoast SEO plugin v27.5 - https:\/\/yoast.com\/product\/yoast-seo-wordpress\/ -->\n<title>Sophie Rosahl - Online memorial page<\/title>\n<meta name=\"robots\" content=\"index, follow, max-snippet:-1, max-image-preview:large, max-video-preview:-1\" \/>\n<link rel=\"canonical\" href=\"https:\/\/www.tributoo.com\/de\/kondolenzbuch\/sophie-rosahl\/\" \/>\n<meta property=\"og:locale\" content=\"de_DE\" \/>\n<meta property=\"og:type\" content=\"article\" \/>\n<meta property=\"og:title\" content=\"Sophie Rosahl - Online memorial page\" \/>\n<meta property=\"og:description\" content=\"I was shocked to hear of J\u00f6rn&#8217;s sudden passing. Over the past seven years, he was my doctoral mentor working with me through an approach of muscle analysis via ultrasound. I am very grateful to have been able to learn from his patient persistence, precision in questioning results, resourcefulness in generating research ideas and curiosity towards life in general. He had a strong vision to translate his knowledge and findings into clinical practice and it is a great loss he does not get to do this anymore. I hope that with everyone he has taught and the initiatives and projects he brought to life, the knowledge and effort will not be lost. I would like to express my heartfelt condolences to his family and friends. Download QR code\" \/>\n<meta property=\"og:url\" content=\"https:\/\/www.tributoo.com\/de\/kondolenzbuch\/sophie-rosahl\/\" \/>\n<meta property=\"og:site_name\" content=\"Online memorial page\" \/>\n<meta property=\"article:publisher\" content=\"https:\/\/www.facebook.com\/tributoo.official\/\" \/>\n<meta property=\"article:modified_time\" content=\"2025-05-15T17:07:16+00:00\" \/>\n<meta property=\"og:image\" content=\"https:\/\/www.tributoo.com\/wp-content\/uploads\/2024\/10\/tributoo_home_1.webp\" \/>\n\t<meta property=\"og:image:width\" content=\"2048\" \/>\n\t<meta property=\"og:image:height\" content=\"1198\" \/>\n\t<meta property=\"og:image:type\" content=\"image\/webp\" \/>\n<meta name=\"twitter:card\" content=\"summary_large_image\" \/>\n<meta name=\"twitter:label1\" content=\"Gesch\u00e4tzte Lesezeit\" \/>\n\t<meta name=\"twitter:data1\" content=\"1\u00a0Minute\" \/>\n<script type=\"application\/ld+json\" class=\"yoast-schema-graph\">{\"@context\":\"https:\\\/\\\/schema.org\",\"@graph\":[{\"@type\":\"WebPage\",\"@id\":\"https:\\\/\\\/www.tributoo.com\\\/kondolenzbuch\\\/sophie-rosahl\\\/\",\"url\":\"https:\\\/\\\/www.tributoo.com\\\/kondolenzbuch\\\/sophie-rosahl\\\/\",\"name\":\"Sophie Rosahl - Online memorial page\",\"isPartOf\":{\"@id\":\"https:\\\/\\\/www.tributoo.com\\\/#website\"},\"datePublished\":\"2025-05-15T17:07:15+00:00\",\"dateModified\":\"2025-05-15T17:07:16+00:00\",\"breadcrumb\":{\"@id\":\"https:\\\/\\\/www.tributoo.com\\\/kondolenzbuch\\\/sophie-rosahl\\\/#breadcrumb\"},\"inLanguage\":\"de\",\"potentialAction\":[{\"@type\":\"ReadAction\",\"target\":[\"https:\\\/\\\/www.tributoo.com\\\/kondolenzbuch\\\/sophie-rosahl\\\/\"]}]},{\"@type\":\"BreadcrumbList\",\"@id\":\"https:\\\/\\\/www.tributoo.com\\\/kondolenzbuch\\\/sophie-rosahl\\\/#breadcrumb\",\"itemListElement\":[{\"@type\":\"ListItem\",\"position\":1,\"name\":\"Startseite\",\"item\":\"https:\\\/\\\/www.tributoo.com\\\/\"},{\"@type\":\"ListItem\",\"position\":2,\"name\":\"Sophie Rosahl\"}]},{\"@type\":\"WebSite\",\"@id\":\"https:\\\/\\\/www.tributoo.com\\\/#website\",\"url\":\"https:\\\/\\\/www.tributoo.com\\\/\",\"name\":\"Gedenkseite Online\",\"description\":\"Keeping Memories Alive\",\"publisher\":{\"@id\":\"https:\\\/\\\/www.tributoo.com\\\/#organization\"},\"alternateName\":\"tributoo\",\"potentialAction\":[{\"@type\":\"SearchAction\",\"target\":{\"@type\":\"EntryPoint\",\"urlTemplate\":\"https:\\\/\\\/www.tributoo.com\\\/?s={search_term_string}\"},\"query-input\":{\"@type\":\"PropertyValueSpecification\",\"valueRequired\":true,\"valueName\":\"search_term_string\"}}],\"inLanguage\":\"de\"},{\"@type\":\"Organization\",\"@id\":\"https:\\\/\\\/www.tributoo.com\\\/#organization\",\"name\":\"Tributoo\",\"alternateName\":\"Gedenkseite Online\",\"url\":\"https:\\\/\\\/www.tributoo.com\\\/\",\"logo\":{\"@type\":\"ImageObject\",\"inLanguage\":\"de\",\"@id\":\"https:\\\/\\\/www.tributoo.com\\\/#\\\/schema\\\/logo\\\/image\\\/\",\"url\":\"https:\\\/\\\/www.tributoo.com\\\/wp-content\\\/uploads\\\/2024\\\/11\\\/Tributoo_logo_icon.png\",\"contentUrl\":\"https:\\\/\\\/www.tributoo.com\\\/wp-content\\\/uploads\\\/2024\\\/11\\\/Tributoo_logo_icon.png\",\"width\":360,\"height\":174,\"caption\":\"Tributoo\"},\"image\":{\"@id\":\"https:\\\/\\\/www.tributoo.com\\\/#\\\/schema\\\/logo\\\/image\\\/\"},\"sameAs\":[\"https:\\\/\\\/www.facebook.com\\\/tributoo.official\\\/\"]}]}<\/script>\n<!-- \/ Yoast SEO plugin. -->","yoast_head_json":{"title":"Sophie Rosahl - Online-Gedenkseite","robots":{"index":"index","follow":"follow","max-snippet":"max-snippet:-1","max-image-preview":"max-image-preview:large","max-video-preview":"max-video-preview:-1"},"canonical":"https:\/\/www.tributoo.com\/de\/kondolenzbuch\/sophie-rosahl\/","og_locale":"de_DE","og_type":"article","og_title":"Sophie Rosahl - Online memorial page","og_description":"I was shocked to hear of J\u00f6rn&#8217;s sudden passing. Over the past seven years, he was my doctoral mentor working with me through an approach of muscle analysis via ultrasound. I am very grateful to have been able to learn from his patient persistence, precision in questioning results, resourcefulness in generating research ideas and curiosity towards life in general. He had a strong vision to translate his knowledge and findings into clinical practice and it is a great loss he does not get to do this anymore. I hope that with everyone he has taught and the initiatives and projects he brought to life, the knowledge and effort will not be lost. I would like to express my heartfelt condolences to his family and friends. Download QR code","og_url":"https:\/\/www.tributoo.com\/de\/kondolenzbuch\/sophie-rosahl\/","og_site_name":"Online memorial page","article_publisher":"https:\/\/www.facebook.com\/tributoo.official\/","article_modified_time":"2025-05-15T17:07:16+00:00","og_image":[{"width":2048,"height":1198,"url":"https:\/\/www.tributoo.com\/wp-content\/uploads\/2024\/10\/tributoo_home_1.webp","type":"image\/webp"}],"twitter_card":"summary_large_image","twitter_misc":{"Gesch\u00e4tzte Lesezeit":"1\u00a0Minute"},"schema":{"@context":"https:\/\/schema.org","@graph":[{"@type":"WebPage","@id":"https:\/\/www.tributoo.com\/kondolenzbuch\/sophie-rosahl\/","url":"https:\/\/www.tributoo.com\/kondolenzbuch\/sophie-rosahl\/","name":"Sophie Rosahl - Online-Gedenkseite","isPartOf":{"@id":"https:\/\/www.tributoo.com\/#website"},"datePublished":"2025-05-15T17:07:15+00:00","dateModified":"2025-05-15T17:07:16+00:00","breadcrumb":{"@id":"https:\/\/www.tributoo.com\/kondolenzbuch\/sophie-rosahl\/#breadcrumb"},"inLanguage":"de","potentialAction":[{"@type":"ReadAction","target":["https:\/\/www.tributoo.com\/kondolenzbuch\/sophie-rosahl\/"]}]},{"@type":"BreadcrumbList","@id":"https:\/\/www.tributoo.com\/kondolenzbuch\/sophie-rosahl\/#breadcrumb","itemListElement":[{"@type":"ListItem","position":1,"name":"Startseite","item":"https:\/\/www.tributoo.com\/"},{"@type":"ListItem","position":2,"name":"Sophie Rosahl"}]},{"@type":"WebSite","@id":"https:\/\/www.tributoo.com\/#website","url":"https:\/\/www.tributoo.com\/","name":"Gedenkseite Online","description":"Erinnerungen lebendig halten","publisher":{"@id":"https:\/\/www.tributoo.com\/#organization"},"alternateName":"tributoo","potentialAction":[{"@type":"SearchAction","target":{"@type":"EntryPoint","urlTemplate":"https:\/\/www.tributoo.com\/?s={search_term_string}"},"query-input":{"@type":"PropertyValueSpecification","valueRequired":true,"valueName":"search_term_string"}}],"inLanguage":"de"},{"@type":"Organization","@id":"https:\/\/www.tributoo.com\/#organization","name":"Tributoo","alternateName":"Gedenkseite Online","url":"https:\/\/www.tributoo.com\/","logo":{"@type":"ImageObject","inLanguage":"de","@id":"https:\/\/www.tributoo.com\/#\/schema\/logo\/image\/","url":"https:\/\/www.tributoo.com\/wp-content\/uploads\/2024\/11\/Tributoo_logo_icon.png","contentUrl":"https:\/\/www.tributoo.com\/wp-content\/uploads\/2024\/11\/Tributoo_logo_icon.png","width":360,"height":174,"caption":"Tributoo"},"image":{"@id":"https:\/\/www.tributoo.com\/#\/schema\/logo\/image\/"},"sameAs":["https:\/\/www.facebook.com\/tributoo.official\/"]}]}},"acf":[],"_links":{"self":[{"href":"https:\/\/www.tributoo.com\/de\/wp-json\/wp\/v2\/kondolenzbuch\/3353","targetHints":{"allow":["GET"]}}],"collection":[{"href":"https:\/\/www.tributoo.com\/de\/wp-json\/wp\/v2\/kondolenzbuch"}],"about":[{"href":"https:\/\/www.tributoo.com\/de\/wp-json\/wp\/v2\/types\/kondolenzbuch"}],"author":[{"embeddable":true,"href":"https:\/\/www.tributoo.com\/de\/wp-json\/wp\/v2\/users\/1"}],"wp:attachment":[{"href":"https:\/\/www.tributoo.com\/de\/wp-json\/wp\/v2\/media?parent=3353"}],"curies":[{"name":"wp","href":"https:\/\/api.w.org\/{rel}","templated":true}]}}

<p>Ich war schockiert, als ich von Jörns plötzlichem Tod hörte. In den letzten sieben Jahren war er mein Doktorvater und arbeitete mit mir an einer Muskelanalyse mittels Ultraschall. Ich bin sehr dankbar, von seiner geduldigen Beharrlichkeit, seiner Präzision beim Hinterfragen von Ergebnissen, seinem Einfallsreichtum bei der Entwicklung von Forschungsideen und seiner Neugier auf das Leben im Allgemeinen lernen zu dürfen. Er hatte eine starke Vision, sein Wissen und seine Erkenntnisse in die klinische Praxis umzusetzen, und es ist ein großer Verlust, dass er dies nicht mehr tun kann. Ich hoffe, dass sein Wissen und seine Bemühungen trotz all seiner Lehren und der Initiativen und Projekte, die er ins Leben gerufen hat, nicht verloren gehen.<br />
Ich möchte seiner Familie und seinen Freunden mein tiefempfundenes Beileid aussprechen.</p>
<div style="margin: 20px 0;"><div class="qrcswholewtapper" style="text-align:left;"><div class="qrcprowrapper"  id="qrcwraa2leds"><div class="qrc_canvass" id="qrc_cuttenpages_2" style="display:inline-block" data-text="https://www.tributoo.com/de/kondolenzbuch/sophie-rosahl/"></div><div><a download="Sophie Rosahl.png" class="qrcdownloads" id="worign">
           <button type="button" style="min-width:220px;background:#dd9933;color:#ffffff;font-weight: 600;border: 1px solid #dd9933;border-radius:5px;font-size:12px;padding: 6px 0;" class="uqr_code_btn">QR-Code herunterladen</button>
           </a></div></div></div></div>

<!-- This site is optimized with the Yoast SEO plugin v27.5 - https://yoast.com/product/yoast-seo-wordpress/ -->
<title>Sophie Rosahl - Online memorial page</title>
<meta name="robots" content="index, follow, max-snippet:-1, max-image-preview:large, max-video-preview:-1" />
<link rel="canonical" href="https://www.tributoo.com/de/kondolenzbuch/sophie-rosahl/" />
<meta property="og:locale" content="de_DE" />
<meta property="og:type" content="article" />
<meta property="og:title" content="Sophie Rosahl - Online memorial page" />
<meta property="og:description" content="I was shocked to hear of Jörn&#8217;s sudden passing. Over the past seven years, he was my doctoral mentor working with me through an approach of muscle analysis via ultrasound. I am very grateful to have been able to learn from his patient persistence, precision in questioning results, resourcefulness in generating research ideas and curiosity towards life in general. He had a strong vision to translate his knowledge and findings into clinical practice and it is a great loss he does not get to do this anymore. I hope that with everyone he has taught and the initiatives and projects he brought to life, the knowledge and effort will not be lost. I would like to express my heartfelt condolences to his family and friends. Download QR code" />
<meta property="og:url" content="https://www.tributoo.com/de/kondolenzbuch/sophie-rosahl/" />
<meta property="og:site_name" content="Online memorial page" />
<meta property="article:publisher" content="https://www.facebook.com/tributoo.official/" />
<meta property="article:modified_time" content="2025-05-15T17:07:16+00:00" />
<meta property="og:image" content="https://www.tributoo.com/wp-content/uploads/2024/10/tributoo_home_1.webp" />
	<meta property="og:image:width" content="2048" />
	<meta property="og:image:height" content="1198" />
	<meta property="og:image:type" content="image/webp" />
<meta name="twitter:card" content="summary_large_image" />
<meta name="twitter:label1" content="Geschätzte Lesezeit" />
	<meta name="twitter:data1" content="1 Minute" />
<script type="application/ld+json" class="yoast-schema-graph">{"@context":"https:\/\/schema.org","@graph":[{"@type":"WebPage","@id":"https:\/\/www.tributoo.com\/kondolenzbuch\/sophie-rosahl\/","url":"https:\/\/www.tributoo.com\/kondolenzbuch\/sophie-rosahl\/","name":"Sophie Rosahl - Online memorial page","isPartOf":{"@id":"https:\/\/www.tributoo.com\/#website"},"datePublished":"2025-05-15T17:07:15+00:00","dateModified":"2025-05-15T17:07:16+00:00","breadcrumb":{"@id":"https:\/\/www.tributoo.com\/kondolenzbuch\/sophie-rosahl\/#breadcrumb"},"inLanguage":"de","potentialAction":[{"@type":"ReadAction","target":["https:\/\/www.tributoo.com\/kondolenzbuch\/sophie-rosahl\/"]}]},{"@type":"BreadcrumbList","@id":"https:\/\/www.tributoo.com\/kondolenzbuch\/sophie-rosahl\/#breadcrumb","itemListElement":[{"@type":"ListItem","position":1,"name":"Startseite","item":"https:\/\/www.tributoo.com\/"},{"@type":"ListItem","position":2,"name":"Sophie Rosahl"}]},{"@type":"WebSite","@id":"https:\/\/www.tributoo.com\/#website","url":"https:\/\/www.tributoo.com\/","name":"Gedenkseite Online","description":"Keeping Memories Alive","publisher":{"@id":"https:\/\/www.tributoo.com\/#organization"},"alternateName":"tributoo","potentialAction":[{"@type":"SearchAction","target":{"@type":"EntryPoint","urlTemplate":"https:\/\/www.tributoo.com\/?s={search_term_string}"},"query-input":{"@type":"PropertyValueSpecification","valueRequired":true,"valueName":"search_term_string"}}],"inLanguage":"de"},{"@type":"Organization","@id":"https:\/\/www.tributoo.com\/#organization","name":"Tributoo","alternateName":"Gedenkseite Online","url":"https:\/\/www.tributoo.com\/","logo":{"@type":"ImageObject","inLanguage":"de","@id":"https:\/\/www.tributoo.com\/#\/schema\/logo\/image\/","url":"https:\/\/www.tributoo.com\/wp-content\/uploads\/2024\/11\/Tributoo_logo_icon.png","contentUrl":"https:\/\/www.tributoo.com\/wp-content\/uploads\/2024\/11\/Tributoo_logo_icon.png","width":360,"height":174,"caption":"Tributoo"},"image":{"@id":"https:\/\/www.tributoo.com\/#\/schema\/logo\/image\/"},"sameAs":["https:\/\/www.facebook.com\/tributoo.official\/"]}]}</script>
<!-- / Yoast SEO plugin. -->

I was shocked to hear of Jörn&#8217;s sudden passing. Over the past seven years, he was my doctoral mentor working with me through an approach of muscle analysis via ultrasound. I am very grateful to have been able to learn from his patient persistence, precision in questioning results, resourcefulness in generating research ideas and curiosity towards life in general. He had a strong vision to translate his knowledge and findings into clinical practice and it is a great loss he does not get to do this anymore. I hope that with everyone he has taught and the initiatives and projects he brought to life, the knowledge and effort will not be lost. I would like to express my heartfelt condolences to his family and friends. Download QR code
