{"id":4532,"date":"2025-06-20T08:14:37","date_gmt":"2025-06-20T06:14:37","guid":{"rendered":"https:\/\/www.tributoo.com\/kondolenzbuch\/luft-und-raumfahrtpsychologie-hamburg\/"},"modified":"2025-06-20T08:14:38","modified_gmt":"2025-06-20T06:14:38","slug":"luft-und-raumfahrtpsychologie-hamburg","status":"publish","type":"kondolenzbuch","link":"https:\/\/www.tributoo.com\/de\/kondolenzbuch\/luft-und-raumfahrtpsychologie-hamburg\/","title":{"rendered":"Luft- und Raumfahrtpsychologie Hamburg"},"content":{"rendered":"<p>Der unerwartete Tod von J\u00f6rn hat uns tief ersch\u00fcttert. Wir trauern um einen lieb gewonnenen Kollegen \u2013 Wissenschaftler und Vision\u00e4r, Mentor und Nachwuchsf\u00f6rderer, Kooperationspartner und Freund \u2013 den wir sehr vermissen werden.<br \/>\nWir m\u00f6chten J\u00f6rns Familie, Freundinnen und Freunde, Kolleginnen und Kollegen, Studentinnen und Studenten und allen, die sich ihm verbunden f\u00fchlten, unser tiefes Mitgef\u00fchl ausdr\u00fcckt.<\/p>\n<div style=\"margin: 20px 0;\"><div class=\"qrcswholewtapper\" style=\"text-align:left;\"><div class=\"qrcprowrapper\"  id=\"qrcwraa2leds\"><div class=\"qrc_canvass\" id=\"qrc_cuttenpages_2\" style=\"display:inline-block\" data-text=\"https:\/\/www.tributoo.com\/de\/kondolenzbuch\/luft-und-raumfahrtpsychologie-hamburg\/\"><\/div><div><a download=\"Luft- und Raumfahrtpsychologie Hamburg.png\" class=\"qrcdownloads\" id=\"worign\">\r\n           <button type=\"button\" style=\"min-width:220px;background:#dd9933;color:#ffffff;font-weight: 600;border: 1px solid #dd9933;border-radius:5px;font-size:12px;padding: 6px 0;\" class=\"uqr_code_btn\">QR-Code herunterladen<\/button>\r\n           <\/a><\/div><\/div><\/div><\/div>","protected":false},"author":1,"featured_media":0,"template":"","meta":[],"class_list":["post-4532","kondolenzbuch","type-kondolenzbuch","status-publish","hentry"],"yoast_head":"<!-- This site is optimized with the Yoast SEO plugin v27.5 - https:\/\/yoast.com\/product\/yoast-seo-wordpress\/ -->\n<title>Luft- und Raumfahrtpsychologie Hamburg - Online memorial page<\/title>\n<meta name=\"robots\" content=\"index, follow, max-snippet:-1, max-image-preview:large, max-video-preview:-1\" \/>\n<link rel=\"canonical\" href=\"https:\/\/www.tributoo.com\/de\/kondolenzbuch\/luft-und-raumfahrtpsychologie-amburgo\/\" \/>\n<meta property=\"og:locale\" content=\"de_DE\" \/>\n<meta property=\"og:type\" content=\"article\" \/>\n<meta property=\"og:title\" content=\"Luft- und Raumfahrtpsychologie Hamburg - Online memorial page\" \/>\n<meta property=\"og:description\" content=\"Der unerwartete Tod von J\u00f6rn hat uns tief ersch\u00fcttert. Wir trauern um einen lieb gewonnenen Kollegen &#8211; Wissenschaftler und Vision\u00e4r, Mentor und Nachwuchsf\u00f6rderer, Kooperationspartner und Freund &#8211; den wir sehr vermissen werden. Wir m\u00f6chten J\u00f6rns Familie, Freundinnen und Freunden, Kolleginnen und Kollegen, Studentinnen und Studenten und allen, die sich ihm verbunden f\u00fchlten, unser tiefes Mitgef\u00fchl aussprechen. Download QR code\" \/>\n<meta property=\"og:url\" content=\"https:\/\/www.tributoo.com\/de\/kondolenzbuch\/luft-und-raumfahrtpsychologie-amburgo\/\" \/>\n<meta property=\"og:site_name\" content=\"Online memorial page\" \/>\n<meta property=\"article:publisher\" content=\"https:\/\/www.facebook.com\/tributoo.official\/\" \/>\n<meta property=\"article:modified_time\" content=\"2025-06-20T06:14:38+00:00\" \/>\n<meta property=\"og:image\" content=\"https:\/\/www.tributoo.com\/wp-content\/uploads\/2024\/10\/tributoo_home_1.webp\" \/>\n\t<meta property=\"og:image:width\" content=\"2048\" \/>\n\t<meta property=\"og:image:height\" content=\"1198\" \/>\n\t<meta property=\"og:image:type\" content=\"image\/webp\" \/>\n<meta name=\"twitter:card\" content=\"summary_large_image\" \/>\n<script type=\"application\/ld+json\" class=\"yoast-schema-graph\">{\"@context\":\"https:\\\/\\\/schema.org\",\"@graph\":[{\"@type\":\"WebPage\",\"@id\":\"https:\\\/\\\/www.tributoo.com\\\/it\\\/kondolenzbuch\\\/luft-und-raumfahrtpsychologie-amburgo\\\/\",\"url\":\"https:\\\/\\\/www.tributoo.com\\\/it\\\/kondolenzbuch\\\/luft-und-raumfahrtpsychologie-amburgo\\\/\",\"name\":\"Luft- und Raumfahrtpsychologie Hamburg - Online memorial page\",\"isPartOf\":{\"@id\":\"https:\\\/\\\/www.tributoo.com\\\/#website\"},\"datePublished\":\"2025-06-20T06:14:37+00:00\",\"dateModified\":\"2025-06-20T06:14:38+00:00\",\"breadcrumb\":{\"@id\":\"https:\\\/\\\/www.tributoo.com\\\/it\\\/kondolenzbuch\\\/luft-und-raumfahrtpsychologie-amburgo\\\/#breadcrumb\"},\"inLanguage\":\"de\",\"potentialAction\":[{\"@type\":\"ReadAction\",\"target\":[\"https:\\\/\\\/www.tributoo.com\\\/it\\\/kondolenzbuch\\\/luft-und-raumfahrtpsychologie-amburgo\\\/\"]}]},{\"@type\":\"BreadcrumbList\",\"@id\":\"https:\\\/\\\/www.tributoo.com\\\/it\\\/kondolenzbuch\\\/luft-und-raumfahrtpsychologie-amburgo\\\/#breadcrumb\",\"itemListElement\":[{\"@type\":\"ListItem\",\"position\":1,\"name\":\"Startseite\",\"item\":\"https:\\\/\\\/www.tributoo.com\\\/\"},{\"@type\":\"ListItem\",\"position\":2,\"name\":\"Luft- und Raumfahrtpsychologie Hamburg\"}]},{\"@type\":\"WebSite\",\"@id\":\"https:\\\/\\\/www.tributoo.com\\\/#website\",\"url\":\"https:\\\/\\\/www.tributoo.com\\\/\",\"name\":\"Gedenkseite Online\",\"description\":\"Keeping Memories Alive\",\"publisher\":{\"@id\":\"https:\\\/\\\/www.tributoo.com\\\/#organization\"},\"alternateName\":\"tributoo\",\"potentialAction\":[{\"@type\":\"SearchAction\",\"target\":{\"@type\":\"EntryPoint\",\"urlTemplate\":\"https:\\\/\\\/www.tributoo.com\\\/?s={search_term_string}\"},\"query-input\":{\"@type\":\"PropertyValueSpecification\",\"valueRequired\":true,\"valueName\":\"search_term_string\"}}],\"inLanguage\":\"de\"},{\"@type\":\"Organization\",\"@id\":\"https:\\\/\\\/www.tributoo.com\\\/#organization\",\"name\":\"Tributoo\",\"alternateName\":\"Gedenkseite Online\",\"url\":\"https:\\\/\\\/www.tributoo.com\\\/\",\"logo\":{\"@type\":\"ImageObject\",\"inLanguage\":\"de\",\"@id\":\"https:\\\/\\\/www.tributoo.com\\\/#\\\/schema\\\/logo\\\/image\\\/\",\"url\":\"https:\\\/\\\/www.tributoo.com\\\/wp-content\\\/uploads\\\/2024\\\/11\\\/Tributoo_logo_icon.png\",\"contentUrl\":\"https:\\\/\\\/www.tributoo.com\\\/wp-content\\\/uploads\\\/2024\\\/11\\\/Tributoo_logo_icon.png\",\"width\":360,\"height\":174,\"caption\":\"Tributoo\"},\"image\":{\"@id\":\"https:\\\/\\\/www.tributoo.com\\\/#\\\/schema\\\/logo\\\/image\\\/\"},\"sameAs\":[\"https:\\\/\\\/www.facebook.com\\\/tributoo.official\\\/\"]}]}<\/script>\n<!-- \/ Yoast SEO plugin. -->","yoast_head_json":{"title":"Luft- und Raumfahrtpsychologie Hamburg \u2013 Online-Gedenkseite","robots":{"index":"index","follow":"follow","max-snippet":"max-snippet:-1","max-image-preview":"max-image-preview:large","max-video-preview":"max-video-preview:-1"},"canonical":"https:\/\/www.tributoo.com\/de\/kondolenzbuch\/luft-und-raumfahrtpsychologie-amburgo\/","og_locale":"de_DE","og_type":"article","og_title":"Luft- und Raumfahrtpsychologie Hamburg - Online memorial page","og_description":"Der unerwartete Tod von J\u00f6rn hat uns tief ersch\u00fcttert. Wir trauern um einen lieb gewonnenen Kollegen &#8211; Wissenschaftler und Vision\u00e4r, Mentor und Nachwuchsf\u00f6rderer, Kooperationspartner und Freund &#8211; den wir sehr vermissen werden. Wir m\u00f6chten J\u00f6rns Familie, Freundinnen und Freunden, Kolleginnen und Kollegen, Studentinnen und Studenten und allen, die sich ihm verbunden f\u00fchlten, unser tiefes Mitgef\u00fchl aussprechen. Download QR code","og_url":"https:\/\/www.tributoo.com\/de\/kondolenzbuch\/luft-und-raumfahrtpsychologie-amburgo\/","og_site_name":"Online memorial page","article_publisher":"https:\/\/www.facebook.com\/tributoo.official\/","article_modified_time":"2025-06-20T06:14:38+00:00","og_image":[{"width":2048,"height":1198,"url":"https:\/\/www.tributoo.com\/wp-content\/uploads\/2024\/10\/tributoo_home_1.webp","type":"image\/webp"}],"twitter_card":"summary_large_image","schema":{"@context":"https:\/\/schema.org","@graph":[{"@type":"WebPage","@id":"https:\/\/www.tributoo.com\/it\/kondolenzbuch\/luft-und-raumfahrtpsychologie-amburgo\/","url":"https:\/\/www.tributoo.com\/it\/kondolenzbuch\/luft-und-raumfahrtpsychologie-amburgo\/","name":"Luft- und Raumfahrtpsychologie Hamburg \u2013 Online-Gedenkseite","isPartOf":{"@id":"https:\/\/www.tributoo.com\/#website"},"datePublished":"2025-06-20T06:14:37+00:00","dateModified":"2025-06-20T06:14:38+00:00","breadcrumb":{"@id":"https:\/\/www.tributoo.com\/it\/kondolenzbuch\/luft-und-raumfahrtpsychologie-amburgo\/#breadcrumb"},"inLanguage":"de","potentialAction":[{"@type":"ReadAction","target":["https:\/\/www.tributoo.com\/it\/kondolenzbuch\/luft-und-raumfahrtpsychologie-amburgo\/"]}]},{"@type":"BreadcrumbList","@id":"https:\/\/www.tributoo.com\/it\/kondolenzbuch\/luft-und-raumfahrtpsychologie-amburgo\/#breadcrumb","itemListElement":[{"@type":"ListItem","position":1,"name":"Startseite","item":"https:\/\/www.tributoo.com\/"},{"@type":"ListItem","position":2,"name":"Luft- und Raumfahrtpsychologie Hamburg"}]},{"@type":"WebSite","@id":"https:\/\/www.tributoo.com\/#website","url":"https:\/\/www.tributoo.com\/","name":"Gedenkseite Online","description":"Erinnerungen lebendig halten","publisher":{"@id":"https:\/\/www.tributoo.com\/#organization"},"alternateName":"tributoo","potentialAction":[{"@type":"SearchAction","target":{"@type":"EntryPoint","urlTemplate":"https:\/\/www.tributoo.com\/?s={search_term_string}"},"query-input":{"@type":"PropertyValueSpecification","valueRequired":true,"valueName":"search_term_string"}}],"inLanguage":"de"},{"@type":"Organization","@id":"https:\/\/www.tributoo.com\/#organization","name":"Tributoo","alternateName":"Gedenkseite Online","url":"https:\/\/www.tributoo.com\/","logo":{"@type":"ImageObject","inLanguage":"de","@id":"https:\/\/www.tributoo.com\/#\/schema\/logo\/image\/","url":"https:\/\/www.tributoo.com\/wp-content\/uploads\/2024\/11\/Tributoo_logo_icon.png","contentUrl":"https:\/\/www.tributoo.com\/wp-content\/uploads\/2024\/11\/Tributoo_logo_icon.png","width":360,"height":174,"caption":"Tributoo"},"image":{"@id":"https:\/\/www.tributoo.com\/#\/schema\/logo\/image\/"},"sameAs":["https:\/\/www.facebook.com\/tributoo.official\/"]}]}},"acf":[],"_links":{"self":[{"href":"https:\/\/www.tributoo.com\/de\/wp-json\/wp\/v2\/kondolenzbuch\/4532","targetHints":{"allow":["GET"]}}],"collection":[{"href":"https:\/\/www.tributoo.com\/de\/wp-json\/wp\/v2\/kondolenzbuch"}],"about":[{"href":"https:\/\/www.tributoo.com\/de\/wp-json\/wp\/v2\/types\/kondolenzbuch"}],"author":[{"embeddable":true,"href":"https:\/\/www.tributoo.com\/de\/wp-json\/wp\/v2\/users\/1"}],"wp:attachment":[{"href":"https:\/\/www.tributoo.com\/de\/wp-json\/wp\/v2\/media?parent=4532"}],"curies":[{"name":"wp","href":"https:\/\/api.w.org\/{rel}","templated":true}]}}

<p>Der unerwartete Tod von Jörn hat uns tief erschüttert. Wir trauern um einen lieb gewonnenen Kollegen – Wissenschaftler und Visionär, Mentor und Nachwuchsförderer, Kooperationspartner und Freund – den wir sehr vermissen werden.<br />
Wir möchten Jörns Familie, Freundinnen und Freunde, Kolleginnen und Kollegen, Studentinnen und Studenten und allen, die sich ihm verbunden fühlten, unser tiefes Mitgefühl ausdrückt.</p>
<div style="margin: 20px 0;"><div class="qrcswholewtapper" style="text-align:left;"><div class="qrcprowrapper"  id="qrcwraa2leds"><div class="qrc_canvass" id="qrc_cuttenpages_2" style="display:inline-block" data-text="https://www.tributoo.com/de/kondolenzbuch/luft-und-raumfahrtpsychologie-hamburg/"></div><div><a download="Luft- und Raumfahrtpsychologie Hamburg.png" class="qrcdownloads" id="worign">
           <button type="button" style="min-width:220px;background:#dd9933;color:#ffffff;font-weight: 600;border: 1px solid #dd9933;border-radius:5px;font-size:12px;padding: 6px 0;" class="uqr_code_btn">QR-Code herunterladen</button>
           </a></div></div></div></div>

<!-- This site is optimized with the Yoast SEO plugin v27.5 - https://yoast.com/product/yoast-seo-wordpress/ -->
<title>Luft- und Raumfahrtpsychologie Hamburg - Online memorial page</title>
<meta name="robots" content="index, follow, max-snippet:-1, max-image-preview:large, max-video-preview:-1" />
<link rel="canonical" href="https://www.tributoo.com/de/kondolenzbuch/luft-und-raumfahrtpsychologie-amburgo/" />
<meta property="og:locale" content="de_DE" />
<meta property="og:type" content="article" />
<meta property="og:title" content="Luft- und Raumfahrtpsychologie Hamburg - Online memorial page" />
<meta property="og:description" content="Der unerwartete Tod von Jörn hat uns tief erschüttert. Wir trauern um einen lieb gewonnenen Kollegen &#8211; Wissenschaftler und Visionär, Mentor und Nachwuchsförderer, Kooperationspartner und Freund &#8211; den wir sehr vermissen werden. Wir möchten Jörns Familie, Freundinnen und Freunden, Kolleginnen und Kollegen, Studentinnen und Studenten und allen, die sich ihm verbunden fühlten, unser tiefes Mitgefühl aussprechen. Download QR code" />
<meta property="og:url" content="https://www.tributoo.com/de/kondolenzbuch/luft-und-raumfahrtpsychologie-amburgo/" />
<meta property="og:site_name" content="Online memorial page" />
<meta property="article:publisher" content="https://www.facebook.com/tributoo.official/" />
<meta property="article:modified_time" content="2025-06-20T06:14:38+00:00" />
<meta property="og:image" content="https://www.tributoo.com/wp-content/uploads/2024/10/tributoo_home_1.webp" />
	<meta property="og:image:width" content="2048" />
	<meta property="og:image:height" content="1198" />
	<meta property="og:image:type" content="image/webp" />
<meta name="twitter:card" content="summary_large_image" />
<script type="application/ld+json" class="yoast-schema-graph">{"@context":"https:\/\/schema.org","@graph":[{"@type":"WebPage","@id":"https:\/\/www.tributoo.com\/it\/kondolenzbuch\/luft-und-raumfahrtpsychologie-amburgo\/","url":"https:\/\/www.tributoo.com\/it\/kondolenzbuch\/luft-und-raumfahrtpsychologie-amburgo\/","name":"Luft- und Raumfahrtpsychologie Hamburg - Online memorial page","isPartOf":{"@id":"https:\/\/www.tributoo.com\/#website"},"datePublished":"2025-06-20T06:14:37+00:00","dateModified":"2025-06-20T06:14:38+00:00","breadcrumb":{"@id":"https:\/\/www.tributoo.com\/it\/kondolenzbuch\/luft-und-raumfahrtpsychologie-amburgo\/#breadcrumb"},"inLanguage":"de","potentialAction":[{"@type":"ReadAction","target":["https:\/\/www.tributoo.com\/it\/kondolenzbuch\/luft-und-raumfahrtpsychologie-amburgo\/"]}]},{"@type":"BreadcrumbList","@id":"https:\/\/www.tributoo.com\/it\/kondolenzbuch\/luft-und-raumfahrtpsychologie-amburgo\/#breadcrumb","itemListElement":[{"@type":"ListItem","position":1,"name":"Startseite","item":"https:\/\/www.tributoo.com\/"},{"@type":"ListItem","position":2,"name":"Luft- und Raumfahrtpsychologie Hamburg"}]},{"@type":"WebSite","@id":"https:\/\/www.tributoo.com\/#website","url":"https:\/\/www.tributoo.com\/","name":"Gedenkseite Online","description":"Keeping Memories Alive","publisher":{"@id":"https:\/\/www.tributoo.com\/#organization"},"alternateName":"tributoo","potentialAction":[{"@type":"SearchAction","target":{"@type":"EntryPoint","urlTemplate":"https:\/\/www.tributoo.com\/?s={search_term_string}"},"query-input":{"@type":"PropertyValueSpecification","valueRequired":true,"valueName":"search_term_string"}}],"inLanguage":"de"},{"@type":"Organization","@id":"https:\/\/www.tributoo.com\/#organization","name":"Tributoo","alternateName":"Gedenkseite Online","url":"https:\/\/www.tributoo.com\/","logo":{"@type":"ImageObject","inLanguage":"de","@id":"https:\/\/www.tributoo.com\/#\/schema\/logo\/image\/","url":"https:\/\/www.tributoo.com\/wp-content\/uploads\/2024\/11\/Tributoo_logo_icon.png","contentUrl":"https:\/\/www.tributoo.com\/wp-content\/uploads\/2024\/11\/Tributoo_logo_icon.png","width":360,"height":174,"caption":"Tributoo"},"image":{"@id":"https:\/\/www.tributoo.com\/#\/schema\/logo\/image\/"},"sameAs":["https:\/\/www.facebook.com\/tributoo.official\/"]}]}</script>
<!-- / Yoast SEO plugin. -->

Der unerwartete Tod von Jörn hat uns tief erschüttert. Wir trauern um einen lieb gewonnenen Kollegen &#8211; Wissenschaftler und Visionär, Mentor und Nachwuchsförderer, Kooperationspartner und Freund &#8211; den wir sehr vermissen werden. Wir möchten Jörns Familie, Freundinnen und Freunden, Kolleginnen und Kollegen, Studentinnen und Studenten und allen, die sich ihm verbunden fühlten, unser tiefes Mitgefühl aussprechen. Download QR code
