{"id":8508,"date":"2025-11-28T08:14:31","date_gmt":"2025-11-28T07:14:31","guid":{"rendered":"https:\/\/www.tributoo.com\/kondolenzbuch\/rudiger-hobza\/"},"modified":"2025-11-28T08:14:32","modified_gmt":"2025-11-28T07:14:32","slug":"rudiger-hobza","status":"publish","type":"kondolenzbuch","link":"https:\/\/www.tributoo.com\/de\/kondolenzbuch\/rudiger-hobza\/","title":{"rendered":"R\u00fcdiger Hobza"},"content":{"rendered":"<p>Es ist schwer, einen so geliebten und warmherzigen Menschen zu verlieren. Vor allem, wenn ihr Leben und Wirken so gro\u00dfe Fu\u00dfstapfen hinterl\u00e4sst. Genau das sind aber die Momente, an die man sich erinnern muss. Mein aufrichtiges Beileid an die Familie Koch!<\/p>\n<div style=\"margin: 20px 0;\"><div class=\"qrcswholewtapper\" style=\"text-align:left;\"><div class=\"qrcprowrapper\"  id=\"qrcwraa2leds\"><div class=\"qrc_canvass\" id=\"qrc_cuttenpages_2\" style=\"display:inline-block\" data-text=\"https:\/\/www.tributoo.com\/de\/kondolenzbuch\/rudiger-hobza\/\"><\/div><div><a download=\"R\u00fcdiger Hobza.png\" class=\"qrcdownloads\" id=\"worign\">\r\n           <button type=\"button\" style=\"min-width:220px;background:#dd9933;color:#ffffff;font-weight: 600;border: 1px solid #dd9933;border-radius:5px;font-size:12px;padding: 6px 0;\" class=\"uqr_code_btn\">QR-Code herunterladen<\/button>\r\n           <\/a><\/div><\/div><\/div><\/div>","protected":false},"author":1,"featured_media":0,"template":"","meta":[],"class_list":["post-8508","kondolenzbuch","type-kondolenzbuch","status-publish","hentry"],"yoast_head":"<!-- This site is optimized with the Yoast SEO plugin v27.5 - https:\/\/yoast.com\/product\/yoast-seo-wordpress\/ -->\n<title>R\u00fcdiger Hobza - Online memorial page<\/title>\n<meta name=\"robots\" content=\"index, follow, max-snippet:-1, max-image-preview:large, max-video-preview:-1\" \/>\n<link rel=\"canonical\" href=\"https:\/\/www.tributoo.com\/de\/kondolenzbuch\/rudiger-hobza\/\" \/>\n<meta property=\"og:locale\" content=\"de_DE\" \/>\n<meta property=\"og:type\" content=\"article\" \/>\n<meta property=\"og:title\" content=\"R\u00fcdiger Hobza - Online memorial page\" \/>\n<meta property=\"og:description\" content=\"Es ist schwer, einen so geliebten und warmherzigen Menschen zu verlieren. Vor allem, wenn ihr Leben und Wirken so gro\u00dfe Fu\u00dfstapfen hinterl\u00e4sst. Genau das sind aber die Momente, an die man sich erinnern muss. Mein aufrichtiges Beileid an die Familie Koch! Download QR code\" \/>\n<meta property=\"og:url\" content=\"https:\/\/www.tributoo.com\/de\/kondolenzbuch\/rudiger-hobza\/\" \/>\n<meta property=\"og:site_name\" content=\"Online memorial page\" \/>\n<meta property=\"article:publisher\" content=\"https:\/\/www.facebook.com\/tributoo.official\/\" \/>\n<meta property=\"article:modified_time\" content=\"2025-11-28T07:14:32+00:00\" \/>\n<meta property=\"og:image\" content=\"https:\/\/www.tributoo.com\/wp-content\/uploads\/2024\/10\/tributoo_home_1.webp\" \/>\n\t<meta property=\"og:image:width\" content=\"2048\" \/>\n\t<meta property=\"og:image:height\" content=\"1198\" \/>\n\t<meta property=\"og:image:type\" content=\"image\/webp\" \/>\n<meta name=\"twitter:card\" content=\"summary_large_image\" \/>\n<script type=\"application\/ld+json\" class=\"yoast-schema-graph\">{\"@context\":\"https:\\\/\\\/schema.org\",\"@graph\":[{\"@type\":\"WebPage\",\"@id\":\"https:\\\/\\\/www.tributoo.com\\\/kondolenzbuch\\\/rudiger-hobza\\\/\",\"url\":\"https:\\\/\\\/www.tributoo.com\\\/kondolenzbuch\\\/rudiger-hobza\\\/\",\"name\":\"R\u00fcdiger Hobza - Online memorial page\",\"isPartOf\":{\"@id\":\"https:\\\/\\\/www.tributoo.com\\\/#website\"},\"datePublished\":\"2025-11-28T07:14:31+00:00\",\"dateModified\":\"2025-11-28T07:14:32+00:00\",\"breadcrumb\":{\"@id\":\"https:\\\/\\\/www.tributoo.com\\\/kondolenzbuch\\\/rudiger-hobza\\\/#breadcrumb\"},\"inLanguage\":\"de\",\"potentialAction\":[{\"@type\":\"ReadAction\",\"target\":[\"https:\\\/\\\/www.tributoo.com\\\/kondolenzbuch\\\/rudiger-hobza\\\/\"]}]},{\"@type\":\"BreadcrumbList\",\"@id\":\"https:\\\/\\\/www.tributoo.com\\\/kondolenzbuch\\\/rudiger-hobza\\\/#breadcrumb\",\"itemListElement\":[{\"@type\":\"ListItem\",\"position\":1,\"name\":\"Startseite\",\"item\":\"https:\\\/\\\/www.tributoo.com\\\/\"},{\"@type\":\"ListItem\",\"position\":2,\"name\":\"R\u00fcdiger Hobza\"}]},{\"@type\":\"WebSite\",\"@id\":\"https:\\\/\\\/www.tributoo.com\\\/#website\",\"url\":\"https:\\\/\\\/www.tributoo.com\\\/\",\"name\":\"Gedenkseite Online\",\"description\":\"Keeping Memories Alive\",\"publisher\":{\"@id\":\"https:\\\/\\\/www.tributoo.com\\\/#organization\"},\"alternateName\":\"tributoo\",\"potentialAction\":[{\"@type\":\"SearchAction\",\"target\":{\"@type\":\"EntryPoint\",\"urlTemplate\":\"https:\\\/\\\/www.tributoo.com\\\/?s={search_term_string}\"},\"query-input\":{\"@type\":\"PropertyValueSpecification\",\"valueRequired\":true,\"valueName\":\"search_term_string\"}}],\"inLanguage\":\"de\"},{\"@type\":\"Organization\",\"@id\":\"https:\\\/\\\/www.tributoo.com\\\/#organization\",\"name\":\"Tributoo\",\"alternateName\":\"Gedenkseite Online\",\"url\":\"https:\\\/\\\/www.tributoo.com\\\/\",\"logo\":{\"@type\":\"ImageObject\",\"inLanguage\":\"de\",\"@id\":\"https:\\\/\\\/www.tributoo.com\\\/#\\\/schema\\\/logo\\\/image\\\/\",\"url\":\"https:\\\/\\\/www.tributoo.com\\\/wp-content\\\/uploads\\\/2024\\\/11\\\/Tributoo_logo_icon.png\",\"contentUrl\":\"https:\\\/\\\/www.tributoo.com\\\/wp-content\\\/uploads\\\/2024\\\/11\\\/Tributoo_logo_icon.png\",\"width\":360,\"height\":174,\"caption\":\"Tributoo\"},\"image\":{\"@id\":\"https:\\\/\\\/www.tributoo.com\\\/#\\\/schema\\\/logo\\\/image\\\/\"},\"sameAs\":[\"https:\\\/\\\/www.facebook.com\\\/tributoo.official\\\/\"]}]}<\/script>\n<!-- \/ Yoast SEO plugin. -->","yoast_head_json":{"title":"R\u00fcdiger Hobza \u2013 Online-Gedenkseite","robots":{"index":"index","follow":"follow","max-snippet":"max-snippet:-1","max-image-preview":"max-image-preview:large","max-video-preview":"max-video-preview:-1"},"canonical":"https:\/\/www.tributoo.com\/de\/kondolenzbuch\/rudiger-hobza\/","og_locale":"de_DE","og_type":"article","og_title":"R\u00fcdiger Hobza - Online memorial page","og_description":"Es ist schwer, einen so geliebten und warmherzigen Menschen zu verlieren. Vor allem, wenn ihr Leben und Wirken so gro\u00dfe Fu\u00dfstapfen hinterl\u00e4sst. Genau das sind aber die Momente, an die man sich erinnern muss. Mein aufrichtiges Beileid an die Familie Koch! Download QR code","og_url":"https:\/\/www.tributoo.com\/de\/kondolenzbuch\/rudiger-hobza\/","og_site_name":"Online memorial page","article_publisher":"https:\/\/www.facebook.com\/tributoo.official\/","article_modified_time":"2025-11-28T07:14:32+00:00","og_image":[{"width":2048,"height":1198,"url":"https:\/\/www.tributoo.com\/wp-content\/uploads\/2024\/10\/tributoo_home_1.webp","type":"image\/webp"}],"twitter_card":"summary_large_image","schema":{"@context":"https:\/\/schema.org","@graph":[{"@type":"WebPage","@id":"https:\/\/www.tributoo.com\/kondolenzbuch\/rudiger-hobza\/","url":"https:\/\/www.tributoo.com\/kondolenzbuch\/rudiger-hobza\/","name":"R\u00fcdiger Hobza \u2013 Online-Gedenkseite","isPartOf":{"@id":"https:\/\/www.tributoo.com\/#website"},"datePublished":"2025-11-28T07:14:31+00:00","dateModified":"2025-11-28T07:14:32+00:00","breadcrumb":{"@id":"https:\/\/www.tributoo.com\/kondolenzbuch\/rudiger-hobza\/#breadcrumb"},"inLanguage":"de","potentialAction":[{"@type":"ReadAction","target":["https:\/\/www.tributoo.com\/kondolenzbuch\/rudiger-hobza\/"]}]},{"@type":"BreadcrumbList","@id":"https:\/\/www.tributoo.com\/kondolenzbuch\/rudiger-hobza\/#breadcrumb","itemListElement":[{"@type":"ListItem","position":1,"name":"Startseite","item":"https:\/\/www.tributoo.com\/"},{"@type":"ListItem","position":2,"name":"R\u00fcdiger Hobza"}]},{"@type":"WebSite","@id":"https:\/\/www.tributoo.com\/#website","url":"https:\/\/www.tributoo.com\/","name":"Gedenkseite Online","description":"Erinnerungen lebendig halten","publisher":{"@id":"https:\/\/www.tributoo.com\/#organization"},"alternateName":"tributoo","potentialAction":[{"@type":"SearchAction","target":{"@type":"EntryPoint","urlTemplate":"https:\/\/www.tributoo.com\/?s={search_term_string}"},"query-input":{"@type":"PropertyValueSpecification","valueRequired":true,"valueName":"search_term_string"}}],"inLanguage":"de"},{"@type":"Organization","@id":"https:\/\/www.tributoo.com\/#organization","name":"Tributoo","alternateName":"Gedenkseite Online","url":"https:\/\/www.tributoo.com\/","logo":{"@type":"ImageObject","inLanguage":"de","@id":"https:\/\/www.tributoo.com\/#\/schema\/logo\/image\/","url":"https:\/\/www.tributoo.com\/wp-content\/uploads\/2024\/11\/Tributoo_logo_icon.png","contentUrl":"https:\/\/www.tributoo.com\/wp-content\/uploads\/2024\/11\/Tributoo_logo_icon.png","width":360,"height":174,"caption":"Tributoo"},"image":{"@id":"https:\/\/www.tributoo.com\/#\/schema\/logo\/image\/"},"sameAs":["https:\/\/www.facebook.com\/tributoo.official\/"]}]}},"acf":[],"_links":{"self":[{"href":"https:\/\/www.tributoo.com\/de\/wp-json\/wp\/v2\/kondolenzbuch\/8508","targetHints":{"allow":["GET"]}}],"collection":[{"href":"https:\/\/www.tributoo.com\/de\/wp-json\/wp\/v2\/kondolenzbuch"}],"about":[{"href":"https:\/\/www.tributoo.com\/de\/wp-json\/wp\/v2\/types\/kondolenzbuch"}],"author":[{"embeddable":true,"href":"https:\/\/www.tributoo.com\/de\/wp-json\/wp\/v2\/users\/1"}],"wp:attachment":[{"href":"https:\/\/www.tributoo.com\/de\/wp-json\/wp\/v2\/media?parent=8508"}],"curies":[{"name":"wp","href":"https:\/\/api.w.org\/{rel}","templated":true}]}}

Rüdiger Hobza

<p>Es ist schwer, einen so geliebten und warmherzigen Menschen zu verlieren. Vor allem, wenn ihr Leben und Wirken so große Fußstapfen hinterlässt. Genau das sind aber die Momente, an die man sich erinnern muss. Mein aufrichtiges Beileid an die Familie Koch!</p>
<div style="margin: 20px 0;"><div class="qrcswholewtapper" style="text-align:left;"><div class="qrcprowrapper"  id="qrcwraa2leds"><div class="qrc_canvass" id="qrc_cuttenpages_2" style="display:inline-block" data-text="https://www.tributoo.com/de/kondolenzbuch/rudiger-hobza/"></div><div><a download="Rüdiger Hobza.png" class="qrcdownloads" id="worign">
           <button type="button" style="min-width:220px;background:#dd9933;color:#ffffff;font-weight: 600;border: 1px solid #dd9933;border-radius:5px;font-size:12px;padding: 6px 0;" class="uqr_code_btn">QR-Code herunterladen</button>
           </a></div></div></div></div>

<!-- This site is optimized with the Yoast SEO plugin v27.5 - https://yoast.com/product/yoast-seo-wordpress/ -->
<title>Rüdiger Hobza - Online memorial page</title>
<meta name="robots" content="index, follow, max-snippet:-1, max-image-preview:large, max-video-preview:-1" />
<link rel="canonical" href="https://www.tributoo.com/de/kondolenzbuch/rudiger-hobza/" />
<meta property="og:locale" content="de_DE" />
<meta property="og:type" content="article" />
<meta property="og:title" content="Rüdiger Hobza - Online memorial page" />
<meta property="og:description" content="Es ist schwer, einen so geliebten und warmherzigen Menschen zu verlieren. Vor allem, wenn ihr Leben und Wirken so große Fußstapfen hinterlässt. Genau das sind aber die Momente, an die man sich erinnern muss. Mein aufrichtiges Beileid an die Familie Koch! Download QR code" />
<meta property="og:url" content="https://www.tributoo.com/de/kondolenzbuch/rudiger-hobza/" />
<meta property="og:site_name" content="Online memorial page" />
<meta property="article:publisher" content="https://www.facebook.com/tributoo.official/" />
<meta property="article:modified_time" content="2025-11-28T07:14:32+00:00" />
<meta property="og:image" content="https://www.tributoo.com/wp-content/uploads/2024/10/tributoo_home_1.webp" />
	<meta property="og:image:width" content="2048" />
	<meta property="og:image:height" content="1198" />
	<meta property="og:image:type" content="image/webp" />
<meta name="twitter:card" content="summary_large_image" />
<script type="application/ld+json" class="yoast-schema-graph">{"@context":"https:\/\/schema.org","@graph":[{"@type":"WebPage","@id":"https:\/\/www.tributoo.com\/kondolenzbuch\/rudiger-hobza\/","url":"https:\/\/www.tributoo.com\/kondolenzbuch\/rudiger-hobza\/","name":"Rüdiger Hobza - Online memorial page","isPartOf":{"@id":"https:\/\/www.tributoo.com\/#website"},"datePublished":"2025-11-28T07:14:31+00:00","dateModified":"2025-11-28T07:14:32+00:00","breadcrumb":{"@id":"https:\/\/www.tributoo.com\/kondolenzbuch\/rudiger-hobza\/#breadcrumb"},"inLanguage":"de","potentialAction":[{"@type":"ReadAction","target":["https:\/\/www.tributoo.com\/kondolenzbuch\/rudiger-hobza\/"]}]},{"@type":"BreadcrumbList","@id":"https:\/\/www.tributoo.com\/kondolenzbuch\/rudiger-hobza\/#breadcrumb","itemListElement":[{"@type":"ListItem","position":1,"name":"Startseite","item":"https:\/\/www.tributoo.com\/"},{"@type":"ListItem","position":2,"name":"Rüdiger Hobza"}]},{"@type":"WebSite","@id":"https:\/\/www.tributoo.com\/#website","url":"https:\/\/www.tributoo.com\/","name":"Gedenkseite Online","description":"Keeping Memories Alive","publisher":{"@id":"https:\/\/www.tributoo.com\/#organization"},"alternateName":"tributoo","potentialAction":[{"@type":"SearchAction","target":{"@type":"EntryPoint","urlTemplate":"https:\/\/www.tributoo.com\/?s={search_term_string}"},"query-input":{"@type":"PropertyValueSpecification","valueRequired":true,"valueName":"search_term_string"}}],"inLanguage":"de"},{"@type":"Organization","@id":"https:\/\/www.tributoo.com\/#organization","name":"Tributoo","alternateName":"Gedenkseite Online","url":"https:\/\/www.tributoo.com\/","logo":{"@type":"ImageObject","inLanguage":"de","@id":"https:\/\/www.tributoo.com\/#\/schema\/logo\/image\/","url":"https:\/\/www.tributoo.com\/wp-content\/uploads\/2024\/11\/Tributoo_logo_icon.png","contentUrl":"https:\/\/www.tributoo.com\/wp-content\/uploads\/2024\/11\/Tributoo_logo_icon.png","width":360,"height":174,"caption":"Tributoo"},"image":{"@id":"https:\/\/www.tributoo.com\/#\/schema\/logo\/image\/"},"sameAs":["https:\/\/www.facebook.com\/tributoo.official\/"]}]}</script>
<!-- / Yoast SEO plugin. -->

Rüdiger Hobza – Online-Gedenkseite

Rüdiger Hobza - Online memorial page

Es ist schwer, einen so geliebten und warmherzigen Menschen zu verlieren. Vor allem, wenn ihr Leben und Wirken so große Fußstapfen hinterlässt. Genau das sind aber die Momente, an die man sich erinnern muss. Mein aufrichtiges Beileid an die Familie Koch! Download QR code
