{"id":8558,"date":"2025-12-11T13:14:08","date_gmt":"2025-12-11T12:14:08","guid":{"rendered":"https:\/\/www.tributoo.com\/kondolenzbuch\/bastian-baltes\/"},"modified":"2025-12-11T13:14:08","modified_gmt":"2025-12-11T12:14:08","slug":"bastian-baltes","status":"publish","type":"kondolenzbuch","link":"https:\/\/www.tributoo.com\/de\/kondolenzbuch\/bastian-baltes\/","title":{"rendered":"Bastian Baltes"},"content":{"rendered":"<p>Liebe Familie Koch,<\/p>\n<p>mit gro\u00dfer Trauer habe ich vom Abschied von Monique Abeels erfahren. Bitte nehmen Sie mein herzliches und tief empfundenes Mitgef\u00fchl entgegen.<\/p>\n<p>Ich erinnere mich an Frau Abeels als eine beeindruckende Pers\u00f6nlichkeit, die mit Tatkraft, Weitblick und Herzlichkeit das Unternehmen \u00fcber viele Jahre gepr\u00e4gt hat. Nach dem Verlust von Berthold Koch f\u00fchrte sie BEKO TECHNOLOGIES mit gro\u00dfem Engagement weiter und blieb dem Unternehmen stets tief verbunden.<\/p>\n<p>Ich werde ihr Andenken in Ehren halten und in Dankbarkeit bewahren, was sie f\u00fcr das Unternehmen und die Menschen darin getan hat. Meine Gedanken sind in dieser schweren Zeit bei Ihnen.<\/p>\n<p>Im stillen Gedenken<\/p>\n<p>Bastian Baltes<\/p>\n<div style=\"margin: 20px 0;\"><div class=\"qrcswholewtapper\" style=\"text-align:left;\"><div class=\"qrcprowrapper\"  id=\"qrcwraa2leds\"><div class=\"qrc_canvass\" id=\"qrc_cuttenpages_2\" style=\"display:inline-block\" data-text=\"https:\/\/www.tributoo.com\/de\/kondolenzbuch\/bastian-baltes\/\"><\/div><div><a download=\"Bastian Baltes.png\" class=\"qrcdownloads\" id=\"worign\">\r\n           <button type=\"button\" style=\"min-width:220px;background:#dd9933;color:#ffffff;font-weight: 600;border: 1px solid #dd9933;border-radius:5px;font-size:12px;padding: 6px 0;\" class=\"uqr_code_btn\">QR-Code herunterladen<\/button>\r\n           <\/a><\/div><\/div><\/div><\/div>","protected":false},"author":1,"featured_media":0,"template":"","meta":[],"class_list":["post-8558","kondolenzbuch","type-kondolenzbuch","status-publish","hentry"],"yoast_head":"<!-- This site is optimized with the Yoast SEO plugin v27.5 - https:\/\/yoast.com\/product\/yoast-seo-wordpress\/ -->\n<title>Bastian Baltes - Online memorial page<\/title>\n<meta name=\"robots\" content=\"index, follow, max-snippet:-1, max-image-preview:large, max-video-preview:-1\" \/>\n<link rel=\"canonical\" href=\"https:\/\/www.tributoo.com\/de\/kondolenzbuch\/bastian-baltes\/\" \/>\n<meta property=\"og:locale\" content=\"de_DE\" \/>\n<meta property=\"og:type\" content=\"article\" \/>\n<meta property=\"og:title\" content=\"Bastian Baltes - Online memorial page\" \/>\n<meta property=\"og:description\" content=\"Liebe Familie Koch, mit gro\u00dfer Trauer habe ich vom Abschied von Monique Abeels erfahren. Bitte nehmen Sie mein herzliches und tief empfundenes Mitgef\u00fchl entgegen. Ich erinnere mich an Frau Abeels als eine beeindruckende Pers\u00f6nlichkeit, die mit Tatkraft, Weitblick und Herzlichkeit das Unternehmen \u00fcber viele Jahre gepr\u00e4gt hat. Nach dem Verlust von Berthold Koch f\u00fchrte sie BEKO TECHNOLOGIES mit gro\u00dfem Engagement weiter und blieb dem Unternehmen stets tief verbunden. Ich werde ihr Andenken in Ehren halten und in Dankbarkeit bewahren, was sie f\u00fcr das Unternehmen und die Menschen darin getan hat. Meine Gedanken sind in dieser schweren Zeit bei Ihnen. Im stillen Gedenken Bastian Baltes Download QR code\" \/>\n<meta property=\"og:url\" content=\"https:\/\/www.tributoo.com\/de\/kondolenzbuch\/bastian-baltes\/\" \/>\n<meta property=\"og:site_name\" content=\"Online memorial page\" \/>\n<meta property=\"article:publisher\" content=\"https:\/\/www.facebook.com\/tributoo.official\/\" \/>\n<meta property=\"og:image\" content=\"https:\/\/www.tributoo.com\/wp-content\/uploads\/2024\/10\/tributoo_home_1.webp\" \/>\n\t<meta property=\"og:image:width\" content=\"2048\" \/>\n\t<meta property=\"og:image:height\" content=\"1198\" \/>\n\t<meta property=\"og:image:type\" content=\"image\/webp\" \/>\n<meta name=\"twitter:card\" content=\"summary_large_image\" \/>\n<meta name=\"twitter:label1\" content=\"Gesch\u00e4tzte Lesezeit\" \/>\n\t<meta name=\"twitter:data1\" content=\"1\u00a0Minute\" \/>\n<script type=\"application\/ld+json\" class=\"yoast-schema-graph\">{\"@context\":\"https:\\\/\\\/schema.org\",\"@graph\":[{\"@type\":\"WebPage\",\"@id\":\"https:\\\/\\\/www.tributoo.com\\\/kondolenzbuch\\\/bastian-baltes\\\/\",\"url\":\"https:\\\/\\\/www.tributoo.com\\\/kondolenzbuch\\\/bastian-baltes\\\/\",\"name\":\"Bastian Baltes - Online memorial page\",\"isPartOf\":{\"@id\":\"https:\\\/\\\/www.tributoo.com\\\/#website\"},\"datePublished\":\"2025-12-11T12:14:08+00:00\",\"breadcrumb\":{\"@id\":\"https:\\\/\\\/www.tributoo.com\\\/kondolenzbuch\\\/bastian-baltes\\\/#breadcrumb\"},\"inLanguage\":\"de\",\"potentialAction\":[{\"@type\":\"ReadAction\",\"target\":[\"https:\\\/\\\/www.tributoo.com\\\/kondolenzbuch\\\/bastian-baltes\\\/\"]}]},{\"@type\":\"BreadcrumbList\",\"@id\":\"https:\\\/\\\/www.tributoo.com\\\/kondolenzbuch\\\/bastian-baltes\\\/#breadcrumb\",\"itemListElement\":[{\"@type\":\"ListItem\",\"position\":1,\"name\":\"Startseite\",\"item\":\"https:\\\/\\\/www.tributoo.com\\\/\"},{\"@type\":\"ListItem\",\"position\":2,\"name\":\"Bastian Baltes\"}]},{\"@type\":\"WebSite\",\"@id\":\"https:\\\/\\\/www.tributoo.com\\\/#website\",\"url\":\"https:\\\/\\\/www.tributoo.com\\\/\",\"name\":\"Gedenkseite Online\",\"description\":\"Keeping Memories Alive\",\"publisher\":{\"@id\":\"https:\\\/\\\/www.tributoo.com\\\/#organization\"},\"alternateName\":\"tributoo\",\"potentialAction\":[{\"@type\":\"SearchAction\",\"target\":{\"@type\":\"EntryPoint\",\"urlTemplate\":\"https:\\\/\\\/www.tributoo.com\\\/?s={search_term_string}\"},\"query-input\":{\"@type\":\"PropertyValueSpecification\",\"valueRequired\":true,\"valueName\":\"search_term_string\"}}],\"inLanguage\":\"de\"},{\"@type\":\"Organization\",\"@id\":\"https:\\\/\\\/www.tributoo.com\\\/#organization\",\"name\":\"Tributoo\",\"alternateName\":\"Gedenkseite Online\",\"url\":\"https:\\\/\\\/www.tributoo.com\\\/\",\"logo\":{\"@type\":\"ImageObject\",\"inLanguage\":\"de\",\"@id\":\"https:\\\/\\\/www.tributoo.com\\\/#\\\/schema\\\/logo\\\/image\\\/\",\"url\":\"https:\\\/\\\/www.tributoo.com\\\/wp-content\\\/uploads\\\/2024\\\/11\\\/Tributoo_logo_icon.png\",\"contentUrl\":\"https:\\\/\\\/www.tributoo.com\\\/wp-content\\\/uploads\\\/2024\\\/11\\\/Tributoo_logo_icon.png\",\"width\":360,\"height\":174,\"caption\":\"Tributoo\"},\"image\":{\"@id\":\"https:\\\/\\\/www.tributoo.com\\\/#\\\/schema\\\/logo\\\/image\\\/\"},\"sameAs\":[\"https:\\\/\\\/www.facebook.com\\\/tributoo.official\\\/\"]}]}<\/script>\n<!-- \/ Yoast SEO plugin. -->","yoast_head_json":{"title":"Bastian Baltes - Online memorial page","robots":{"index":"index","follow":"follow","max-snippet":"max-snippet:-1","max-image-preview":"max-image-preview:large","max-video-preview":"max-video-preview:-1"},"canonical":"https:\/\/www.tributoo.com\/de\/kondolenzbuch\/bastian-baltes\/","og_locale":"de_DE","og_type":"article","og_title":"Bastian Baltes - Online memorial page","og_description":"Liebe Familie Koch, mit gro\u00dfer Trauer habe ich vom Abschied von Monique Abeels erfahren. Bitte nehmen Sie mein herzliches und tief empfundenes Mitgef\u00fchl entgegen. Ich erinnere mich an Frau Abeels als eine beeindruckende Pers\u00f6nlichkeit, die mit Tatkraft, Weitblick und Herzlichkeit das Unternehmen \u00fcber viele Jahre gepr\u00e4gt hat. Nach dem Verlust von Berthold Koch f\u00fchrte sie BEKO TECHNOLOGIES mit gro\u00dfem Engagement weiter und blieb dem Unternehmen stets tief verbunden. Ich werde ihr Andenken in Ehren halten und in Dankbarkeit bewahren, was sie f\u00fcr das Unternehmen und die Menschen darin getan hat. Meine Gedanken sind in dieser schweren Zeit bei Ihnen. Im stillen Gedenken Bastian Baltes Download QR code","og_url":"https:\/\/www.tributoo.com\/de\/kondolenzbuch\/bastian-baltes\/","og_site_name":"Online memorial page","article_publisher":"https:\/\/www.facebook.com\/tributoo.official\/","og_image":[{"width":2048,"height":1198,"url":"https:\/\/www.tributoo.com\/wp-content\/uploads\/2024\/10\/tributoo_home_1.webp","type":"image\/webp"}],"twitter_card":"summary_large_image","twitter_misc":{"Gesch\u00e4tzte Lesezeit":"1\u00a0Minute"},"schema":{"@context":"https:\/\/schema.org","@graph":[{"@type":"WebPage","@id":"https:\/\/www.tributoo.com\/kondolenzbuch\/bastian-baltes\/","url":"https:\/\/www.tributoo.com\/kondolenzbuch\/bastian-baltes\/","name":"Bastian Baltes - Online memorial page","isPartOf":{"@id":"https:\/\/www.tributoo.com\/#website"},"datePublished":"2025-12-11T12:14:08+00:00","breadcrumb":{"@id":"https:\/\/www.tributoo.com\/kondolenzbuch\/bastian-baltes\/#breadcrumb"},"inLanguage":"de","potentialAction":[{"@type":"ReadAction","target":["https:\/\/www.tributoo.com\/kondolenzbuch\/bastian-baltes\/"]}]},{"@type":"BreadcrumbList","@id":"https:\/\/www.tributoo.com\/kondolenzbuch\/bastian-baltes\/#breadcrumb","itemListElement":[{"@type":"ListItem","position":1,"name":"Startseite","item":"https:\/\/www.tributoo.com\/"},{"@type":"ListItem","position":2,"name":"Bastian Baltes"}]},{"@type":"WebSite","@id":"https:\/\/www.tributoo.com\/#website","url":"https:\/\/www.tributoo.com\/","name":"Gedenkseite Online","description":"Erinnerungen lebendig halten","publisher":{"@id":"https:\/\/www.tributoo.com\/#organization"},"alternateName":"tributoo","potentialAction":[{"@type":"SearchAction","target":{"@type":"EntryPoint","urlTemplate":"https:\/\/www.tributoo.com\/?s={search_term_string}"},"query-input":{"@type":"PropertyValueSpecification","valueRequired":true,"valueName":"search_term_string"}}],"inLanguage":"de"},{"@type":"Organization","@id":"https:\/\/www.tributoo.com\/#organization","name":"Tributoo","alternateName":"Gedenkseite Online","url":"https:\/\/www.tributoo.com\/","logo":{"@type":"ImageObject","inLanguage":"de","@id":"https:\/\/www.tributoo.com\/#\/schema\/logo\/image\/","url":"https:\/\/www.tributoo.com\/wp-content\/uploads\/2024\/11\/Tributoo_logo_icon.png","contentUrl":"https:\/\/www.tributoo.com\/wp-content\/uploads\/2024\/11\/Tributoo_logo_icon.png","width":360,"height":174,"caption":"Tributoo"},"image":{"@id":"https:\/\/www.tributoo.com\/#\/schema\/logo\/image\/"},"sameAs":["https:\/\/www.facebook.com\/tributoo.official\/"]}]}},"acf":[],"_links":{"self":[{"href":"https:\/\/www.tributoo.com\/de\/wp-json\/wp\/v2\/kondolenzbuch\/8558","targetHints":{"allow":["GET"]}}],"collection":[{"href":"https:\/\/www.tributoo.com\/de\/wp-json\/wp\/v2\/kondolenzbuch"}],"about":[{"href":"https:\/\/www.tributoo.com\/de\/wp-json\/wp\/v2\/types\/kondolenzbuch"}],"author":[{"embeddable":true,"href":"https:\/\/www.tributoo.com\/de\/wp-json\/wp\/v2\/users\/1"}],"wp:attachment":[{"href":"https:\/\/www.tributoo.com\/de\/wp-json\/wp\/v2\/media?parent=8558"}],"curies":[{"name":"wp","href":"https:\/\/api.w.org\/{rel}","templated":true}]}}

<p>Liebe Familie Koch,</p>
<p>mit großer Trauer habe ich vom Abschied von Monique Abeels erfahren. Bitte nehmen Sie mein herzliches und tief empfundenes Mitgefühl entgegen.</p>
<p>Ich erinnere mich an Frau Abeels als eine beeindruckende Persönlichkeit, die mit Tatkraft, Weitblick und Herzlichkeit das Unternehmen über viele Jahre geprägt hat. Nach dem Verlust von Berthold Koch führte sie BEKO TECHNOLOGIES mit großem Engagement weiter und blieb dem Unternehmen stets tief verbunden.</p>
<p>Ich werde ihr Andenken in Ehren halten und in Dankbarkeit bewahren, was sie für das Unternehmen und die Menschen darin getan hat. Meine Gedanken sind in dieser schweren Zeit bei Ihnen.</p>
<p>Im stillen Gedenken</p>
<p>Bastian Baltes</p>
<div style="margin: 20px 0;"><div class="qrcswholewtapper" style="text-align:left;"><div class="qrcprowrapper"  id="qrcwraa2leds"><div class="qrc_canvass" id="qrc_cuttenpages_2" style="display:inline-block" data-text="https://www.tributoo.com/de/kondolenzbuch/bastian-baltes/"></div><div><a download="Bastian Baltes.png" class="qrcdownloads" id="worign">
           <button type="button" style="min-width:220px;background:#dd9933;color:#ffffff;font-weight: 600;border: 1px solid #dd9933;border-radius:5px;font-size:12px;padding: 6px 0;" class="uqr_code_btn">QR-Code herunterladen</button>
           </a></div></div></div></div>

<!-- This site is optimized with the Yoast SEO plugin v27.5 - https://yoast.com/product/yoast-seo-wordpress/ -->
<title>Bastian Baltes - Online memorial page</title>
<meta name="robots" content="index, follow, max-snippet:-1, max-image-preview:large, max-video-preview:-1" />
<link rel="canonical" href="https://www.tributoo.com/de/kondolenzbuch/bastian-baltes/" />
<meta property="og:locale" content="de_DE" />
<meta property="og:type" content="article" />
<meta property="og:title" content="Bastian Baltes - Online memorial page" />
<meta property="og:description" content="Liebe Familie Koch, mit großer Trauer habe ich vom Abschied von Monique Abeels erfahren. Bitte nehmen Sie mein herzliches und tief empfundenes Mitgefühl entgegen. Ich erinnere mich an Frau Abeels als eine beeindruckende Persönlichkeit, die mit Tatkraft, Weitblick und Herzlichkeit das Unternehmen über viele Jahre geprägt hat. Nach dem Verlust von Berthold Koch führte sie BEKO TECHNOLOGIES mit großem Engagement weiter und blieb dem Unternehmen stets tief verbunden. Ich werde ihr Andenken in Ehren halten und in Dankbarkeit bewahren, was sie für das Unternehmen und die Menschen darin getan hat. Meine Gedanken sind in dieser schweren Zeit bei Ihnen. Im stillen Gedenken Bastian Baltes Download QR code" />
<meta property="og:url" content="https://www.tributoo.com/de/kondolenzbuch/bastian-baltes/" />
<meta property="og:site_name" content="Online memorial page" />
<meta property="article:publisher" content="https://www.facebook.com/tributoo.official/" />
<meta property="og:image" content="https://www.tributoo.com/wp-content/uploads/2024/10/tributoo_home_1.webp" />
	<meta property="og:image:width" content="2048" />
	<meta property="og:image:height" content="1198" />
	<meta property="og:image:type" content="image/webp" />
<meta name="twitter:card" content="summary_large_image" />
<meta name="twitter:label1" content="Geschätzte Lesezeit" />
	<meta name="twitter:data1" content="1 Minute" />
<script type="application/ld+json" class="yoast-schema-graph">{"@context":"https:\/\/schema.org","@graph":[{"@type":"WebPage","@id":"https:\/\/www.tributoo.com\/kondolenzbuch\/bastian-baltes\/","url":"https:\/\/www.tributoo.com\/kondolenzbuch\/bastian-baltes\/","name":"Bastian Baltes - Online memorial page","isPartOf":{"@id":"https:\/\/www.tributoo.com\/#website"},"datePublished":"2025-12-11T12:14:08+00:00","breadcrumb":{"@id":"https:\/\/www.tributoo.com\/kondolenzbuch\/bastian-baltes\/#breadcrumb"},"inLanguage":"de","potentialAction":[{"@type":"ReadAction","target":["https:\/\/www.tributoo.com\/kondolenzbuch\/bastian-baltes\/"]}]},{"@type":"BreadcrumbList","@id":"https:\/\/www.tributoo.com\/kondolenzbuch\/bastian-baltes\/#breadcrumb","itemListElement":[{"@type":"ListItem","position":1,"name":"Startseite","item":"https:\/\/www.tributoo.com\/"},{"@type":"ListItem","position":2,"name":"Bastian Baltes"}]},{"@type":"WebSite","@id":"https:\/\/www.tributoo.com\/#website","url":"https:\/\/www.tributoo.com\/","name":"Gedenkseite Online","description":"Keeping Memories Alive","publisher":{"@id":"https:\/\/www.tributoo.com\/#organization"},"alternateName":"tributoo","potentialAction":[{"@type":"SearchAction","target":{"@type":"EntryPoint","urlTemplate":"https:\/\/www.tributoo.com\/?s={search_term_string}"},"query-input":{"@type":"PropertyValueSpecification","valueRequired":true,"valueName":"search_term_string"}}],"inLanguage":"de"},{"@type":"Organization","@id":"https:\/\/www.tributoo.com\/#organization","name":"Tributoo","alternateName":"Gedenkseite Online","url":"https:\/\/www.tributoo.com\/","logo":{"@type":"ImageObject","inLanguage":"de","@id":"https:\/\/www.tributoo.com\/#\/schema\/logo\/image\/","url":"https:\/\/www.tributoo.com\/wp-content\/uploads\/2024\/11\/Tributoo_logo_icon.png","contentUrl":"https:\/\/www.tributoo.com\/wp-content\/uploads\/2024\/11\/Tributoo_logo_icon.png","width":360,"height":174,"caption":"Tributoo"},"image":{"@id":"https:\/\/www.tributoo.com\/#\/schema\/logo\/image\/"},"sameAs":["https:\/\/www.facebook.com\/tributoo.official\/"]}]}</script>
<!-- / Yoast SEO plugin. -->

Liebe Familie Koch, mit großer Trauer habe ich vom Abschied von Monique Abeels erfahren. Bitte nehmen Sie mein herzliches und tief empfundenes Mitgefühl entgegen. Ich erinnere mich an Frau Abeels als eine beeindruckende Persönlichkeit, die mit Tatkraft, Weitblick und Herzlichkeit das Unternehmen über viele Jahre geprägt hat. Nach dem Verlust von Berthold Koch führte sie BEKO TECHNOLOGIES mit großem Engagement weiter und blieb dem Unternehmen stets tief verbunden. Ich werde ihr Andenken in Ehren halten und in Dankbarkeit bewahren, was sie für das Unternehmen und die Menschen darin getan hat. Meine Gedanken sind in dieser schweren Zeit bei Ihnen. Im stillen Gedenken Bastian Baltes Download QR code
