{"id":3013,"date":"2025-05-07T11:21:02","date_gmt":"2025-05-07T09:21:02","guid":{"rendered":"https:\/\/www.tributoo.com\/kondolenzbuch\/matthias-schmid\/"},"modified":"2025-05-07T11:21:02","modified_gmt":"2025-05-07T09:21:02","slug":"matthias-schmid","status":"publish","type":"kondolenzbuch","link":"https:\/\/www.tributoo.com\/it\/kondolenzbuch\/matthias-schmidt\/","title":{"rendered":"Matthias Schmid"},"content":{"rendered":"<p>Siamo profondamente addolorati nell&#039;apprendere della scomparsa del nostro collega J\u00f6rn Rittweger. Durante la nostra collaborazione, abbiamo apprezzato molto la sua dedizione, professionalit\u00e0 e gentilezza. \u00c8 stato un piacere lavorare con lui. I nostri pensieri e le nostre pi\u00f9 sentite condoglianze vanno alla sua famiglia in questo momento difficile.<\/p>\n<p>Benjamin Aretz, Tanja Hoffmann e Matthias Schmid per conto dell&#039;IMBIE (Universit\u00e0 di Bonn)<\/p>\n<div style=\"margin: 20px 0;\"><div class=\"qrcswholewtapper\" style=\"text-align:left;\"><div class=\"qrcprowrapper\"  id=\"qrcwraa2leds\"><div class=\"qrc_canvass\" id=\"qrc_cuttenpages_2\" style=\"display:inline-block\" data-text=\"https:\/\/www.tributoo.com\/it\/kondolenzbuch\/matthias-schmidt\/\"><\/div><div><a download=\"Matthias Schmid.png\" class=\"qrcdownloads\" id=\"worign\">\r\n           <button type=\"button\" style=\"min-width:220px;background:#dd9933;color:#ffffff;font-weight: 600;border: 1px solid #dd9933;border-radius:5px;font-size:12px;padding: 6px 0;\" class=\"uqr_code_btn\">Scarica il codice QR<\/button>\r\n           <\/a><\/div><\/div><\/div><\/div>","protected":false},"author":1,"featured_media":0,"template":"","meta":[],"class_list":["post-3013","kondolenzbuch","type-kondolenzbuch","status-publish","hentry"],"yoast_head":"<!-- This site is optimized with the Yoast SEO plugin v27.5 - https:\/\/yoast.com\/product\/yoast-seo-wordpress\/ -->\n<title>Matthias Schmid - Online memorial page<\/title>\n<meta name=\"robots\" content=\"index, follow, max-snippet:-1, max-image-preview:large, max-video-preview:-1\" \/>\n<link rel=\"canonical\" href=\"https:\/\/www.tributoo.com\/it\/kondolenzbuch\/matthias-schmidt\/\" \/>\n<meta property=\"og:locale\" content=\"it_IT\" \/>\n<meta property=\"og:type\" content=\"article\" \/>\n<meta property=\"og:title\" content=\"Matthias Schmid - Online memorial page\" \/>\n<meta property=\"og:description\" content=\"We are deeply saddened to hear of the passing of our colleague J\u00f6rn Rittweger. Throughout our collaboration, we greatly appreciated his dedication, professionalism and kindness. It was a pleasure to work with him. Our thoughts and deepest condolences are with his family during this difficult time. Benjamin Aretz, Tanja Hoffmann and Matthias Schmid on behalf of the IMBIE (University of Bonn) Download QR code\" \/>\n<meta property=\"og:url\" content=\"https:\/\/www.tributoo.com\/it\/kondolenzbuch\/matthias-schmidt\/\" \/>\n<meta property=\"og:site_name\" content=\"Online memorial page\" \/>\n<meta property=\"article:publisher\" content=\"https:\/\/www.facebook.com\/tributoo.official\/\" \/>\n<meta property=\"og:image\" content=\"https:\/\/www.tributoo.com\/wp-content\/uploads\/2024\/10\/tributoo_home_1.webp\" \/>\n\t<meta property=\"og:image:width\" content=\"2048\" \/>\n\t<meta property=\"og:image:height\" content=\"1198\" \/>\n\t<meta property=\"og:image:type\" content=\"image\/webp\" \/>\n<meta name=\"twitter:card\" content=\"summary_large_image\" \/>\n<script type=\"application\/ld+json\" class=\"yoast-schema-graph\">{\"@context\":\"https:\\\/\\\/schema.org\",\"@graph\":[{\"@type\":\"WebPage\",\"@id\":\"https:\\\/\\\/www.tributoo.com\\\/it\\\/kondolenzbuch\\\/matthias-schmidt\\\/\",\"url\":\"https:\\\/\\\/www.tributoo.com\\\/it\\\/kondolenzbuch\\\/matthias-schmidt\\\/\",\"name\":\"Matthias Schmid - Online memorial page\",\"isPartOf\":{\"@id\":\"https:\\\/\\\/www.tributoo.com\\\/#website\"},\"datePublished\":\"2025-05-07T09:21:02+00:00\",\"breadcrumb\":{\"@id\":\"https:\\\/\\\/www.tributoo.com\\\/it\\\/kondolenzbuch\\\/matthias-schmidt\\\/#breadcrumb\"},\"inLanguage\":\"it-IT\",\"potentialAction\":[{\"@type\":\"ReadAction\",\"target\":[\"https:\\\/\\\/www.tributoo.com\\\/it\\\/kondolenzbuch\\\/matthias-schmidt\\\/\"]}]},{\"@type\":\"BreadcrumbList\",\"@id\":\"https:\\\/\\\/www.tributoo.com\\\/it\\\/kondolenzbuch\\\/matthias-schmidt\\\/#breadcrumb\",\"itemListElement\":[{\"@type\":\"ListItem\",\"position\":1,\"name\":\"Startseite\",\"item\":\"https:\\\/\\\/www.tributoo.com\\\/\"},{\"@type\":\"ListItem\",\"position\":2,\"name\":\"Matthias Schmid\"}]},{\"@type\":\"WebSite\",\"@id\":\"https:\\\/\\\/www.tributoo.com\\\/#website\",\"url\":\"https:\\\/\\\/www.tributoo.com\\\/\",\"name\":\"Gedenkseite Online\",\"description\":\"Keeping Memories Alive\",\"publisher\":{\"@id\":\"https:\\\/\\\/www.tributoo.com\\\/#organization\"},\"alternateName\":\"tributoo\",\"potentialAction\":[{\"@type\":\"SearchAction\",\"target\":{\"@type\":\"EntryPoint\",\"urlTemplate\":\"https:\\\/\\\/www.tributoo.com\\\/?s={search_term_string}\"},\"query-input\":{\"@type\":\"PropertyValueSpecification\",\"valueRequired\":true,\"valueName\":\"search_term_string\"}}],\"inLanguage\":\"it-IT\"},{\"@type\":\"Organization\",\"@id\":\"https:\\\/\\\/www.tributoo.com\\\/#organization\",\"name\":\"Tributoo\",\"alternateName\":\"Gedenkseite Online\",\"url\":\"https:\\\/\\\/www.tributoo.com\\\/\",\"logo\":{\"@type\":\"ImageObject\",\"inLanguage\":\"it-IT\",\"@id\":\"https:\\\/\\\/www.tributoo.com\\\/#\\\/schema\\\/logo\\\/image\\\/\",\"url\":\"https:\\\/\\\/www.tributoo.com\\\/wp-content\\\/uploads\\\/2024\\\/11\\\/Tributoo_logo_icon.png\",\"contentUrl\":\"https:\\\/\\\/www.tributoo.com\\\/wp-content\\\/uploads\\\/2024\\\/11\\\/Tributoo_logo_icon.png\",\"width\":360,\"height\":174,\"caption\":\"Tributoo\"},\"image\":{\"@id\":\"https:\\\/\\\/www.tributoo.com\\\/#\\\/schema\\\/logo\\\/image\\\/\"},\"sameAs\":[\"https:\\\/\\\/www.facebook.com\\\/tributoo.official\\\/\"]}]}<\/script>\n<!-- \/ Yoast SEO plugin. -->","yoast_head_json":{"title":"Matthias Schmid - Pagina commemorativa online","robots":{"index":"index","follow":"follow","max-snippet":"max-snippet:-1","max-image-preview":"max-image-preview:large","max-video-preview":"max-video-preview:-1"},"canonical":"https:\/\/www.tributoo.com\/it\/kondolenzbuch\/matthias-schmidt\/","og_locale":"it_IT","og_type":"article","og_title":"Matthias Schmid - Online memorial page","og_description":"We are deeply saddened to hear of the passing of our colleague J\u00f6rn Rittweger. Throughout our collaboration, we greatly appreciated his dedication, professionalism and kindness. It was a pleasure to work with him. Our thoughts and deepest condolences are with his family during this difficult time. Benjamin Aretz, Tanja Hoffmann and Matthias Schmid on behalf of the IMBIE (University of Bonn) Download QR code","og_url":"https:\/\/www.tributoo.com\/it\/kondolenzbuch\/matthias-schmidt\/","og_site_name":"Online memorial page","article_publisher":"https:\/\/www.facebook.com\/tributoo.official\/","og_image":[{"width":2048,"height":1198,"url":"https:\/\/www.tributoo.com\/wp-content\/uploads\/2024\/10\/tributoo_home_1.webp","type":"image\/webp"}],"twitter_card":"summary_large_image","schema":{"@context":"https:\/\/schema.org","@graph":[{"@type":"WebPage","@id":"https:\/\/www.tributoo.com\/it\/kondolenzbuch\/matthias-schmidt\/","url":"https:\/\/www.tributoo.com\/it\/kondolenzbuch\/matthias-schmidt\/","name":"Matthias Schmid - Pagina commemorativa online","isPartOf":{"@id":"https:\/\/www.tributoo.com\/#website"},"datePublished":"2025-05-07T09:21:02+00:00","breadcrumb":{"@id":"https:\/\/www.tributoo.com\/it\/kondolenzbuch\/matthias-schmidt\/#breadcrumb"},"inLanguage":"it-IT","potentialAction":[{"@type":"ReadAction","target":["https:\/\/www.tributoo.com\/it\/kondolenzbuch\/matthias-schmidt\/"]}]},{"@type":"BreadcrumbList","@id":"https:\/\/www.tributoo.com\/it\/kondolenzbuch\/matthias-schmidt\/#breadcrumb","itemListElement":[{"@type":"ListItem","position":1,"name":"Startseite","item":"https:\/\/www.tributoo.com\/"},{"@type":"ListItem","position":2,"name":"Matthias Schmid"}]},{"@type":"WebSite","@id":"https:\/\/www.tributoo.com\/#website","url":"https:\/\/www.tributoo.com\/","name":"Pagina principale online","description":"Mantenere vivi i ricordi","publisher":{"@id":"https:\/\/www.tributoo.com\/#organization"},"alternateName":"tributoo","potentialAction":[{"@type":"SearchAction","target":{"@type":"EntryPoint","urlTemplate":"https:\/\/www.tributoo.com\/?s={search_term_string}"},"query-input":{"@type":"PropertyValueSpecification","valueRequired":true,"valueName":"search_term_string"}}],"inLanguage":"it-IT"},{"@type":"Organization","@id":"https:\/\/www.tributoo.com\/#organization","name":"Tributoo","alternateName":"Gedenkseite Online","url":"https:\/\/www.tributoo.com\/","logo":{"@type":"ImageObject","inLanguage":"it-IT","@id":"https:\/\/www.tributoo.com\/#\/schema\/logo\/image\/","url":"https:\/\/www.tributoo.com\/wp-content\/uploads\/2024\/11\/Tributoo_logo_icon.png","contentUrl":"https:\/\/www.tributoo.com\/wp-content\/uploads\/2024\/11\/Tributoo_logo_icon.png","width":360,"height":174,"caption":"Tributoo"},"image":{"@id":"https:\/\/www.tributoo.com\/#\/schema\/logo\/image\/"},"sameAs":["https:\/\/www.facebook.com\/tributoo.official\/"]}]}},"acf":[],"_links":{"self":[{"href":"https:\/\/www.tributoo.com\/it\/wp-json\/wp\/v2\/kondolenzbuch\/3013","targetHints":{"allow":["GET"]}}],"collection":[{"href":"https:\/\/www.tributoo.com\/it\/wp-json\/wp\/v2\/kondolenzbuch"}],"about":[{"href":"https:\/\/www.tributoo.com\/it\/wp-json\/wp\/v2\/types\/kondolenzbuch"}],"author":[{"embeddable":true,"href":"https:\/\/www.tributoo.com\/it\/wp-json\/wp\/v2\/users\/1"}],"wp:attachment":[{"href":"https:\/\/www.tributoo.com\/it\/wp-json\/wp\/v2\/media?parent=3013"}],"curies":[{"name":"parola chiave","href":"https:\/\/api.w.org\/{rel}","templated":true}]}}

<p>Siamo profondamente addolorati nell&#039;apprendere della scomparsa del nostro collega Jörn Rittweger. Durante la nostra collaborazione, abbiamo apprezzato molto la sua dedizione, professionalità e gentilezza. È stato un piacere lavorare con lui. I nostri pensieri e le nostre più sentite condoglianze vanno alla sua famiglia in questo momento difficile.</p>
<p>Benjamin Aretz, Tanja Hoffmann e Matthias Schmid per conto dell&#039;IMBIE (Università di Bonn)</p>
<div style="margin: 20px 0;"><div class="qrcswholewtapper" style="text-align:left;"><div class="qrcprowrapper"  id="qrcwraa2leds"><div class="qrc_canvass" id="qrc_cuttenpages_2" style="display:inline-block" data-text="https://www.tributoo.com/it/kondolenzbuch/matthias-schmidt/"></div><div><a download="Matthias Schmid.png" class="qrcdownloads" id="worign">
           <button type="button" style="min-width:220px;background:#dd9933;color:#ffffff;font-weight: 600;border: 1px solid #dd9933;border-radius:5px;font-size:12px;padding: 6px 0;" class="uqr_code_btn">Scarica il codice QR</button>
           </a></div></div></div></div>

<!-- This site is optimized with the Yoast SEO plugin v27.5 - https://yoast.com/product/yoast-seo-wordpress/ -->
<title>Matthias Schmid - Online memorial page</title>
<meta name="robots" content="index, follow, max-snippet:-1, max-image-preview:large, max-video-preview:-1" />
<link rel="canonical" href="https://www.tributoo.com/it/kondolenzbuch/matthias-schmidt/" />
<meta property="og:locale" content="it_IT" />
<meta property="og:type" content="article" />
<meta property="og:title" content="Matthias Schmid - Online memorial page" />
<meta property="og:description" content="We are deeply saddened to hear of the passing of our colleague Jörn Rittweger. Throughout our collaboration, we greatly appreciated his dedication, professionalism and kindness. It was a pleasure to work with him. Our thoughts and deepest condolences are with his family during this difficult time. Benjamin Aretz, Tanja Hoffmann and Matthias Schmid on behalf of the IMBIE (University of Bonn) Download QR code" />
<meta property="og:url" content="https://www.tributoo.com/it/kondolenzbuch/matthias-schmidt/" />
<meta property="og:site_name" content="Online memorial page" />
<meta property="article:publisher" content="https://www.facebook.com/tributoo.official/" />
<meta property="og:image" content="https://www.tributoo.com/wp-content/uploads/2024/10/tributoo_home_1.webp" />
	<meta property="og:image:width" content="2048" />
	<meta property="og:image:height" content="1198" />
	<meta property="og:image:type" content="image/webp" />
<meta name="twitter:card" content="summary_large_image" />
<script type="application/ld+json" class="yoast-schema-graph">{"@context":"https:\/\/schema.org","@graph":[{"@type":"WebPage","@id":"https:\/\/www.tributoo.com\/it\/kondolenzbuch\/matthias-schmidt\/","url":"https:\/\/www.tributoo.com\/it\/kondolenzbuch\/matthias-schmidt\/","name":"Matthias Schmid - Online memorial page","isPartOf":{"@id":"https:\/\/www.tributoo.com\/#website"},"datePublished":"2025-05-07T09:21:02+00:00","breadcrumb":{"@id":"https:\/\/www.tributoo.com\/it\/kondolenzbuch\/matthias-schmidt\/#breadcrumb"},"inLanguage":"it-IT","potentialAction":[{"@type":"ReadAction","target":["https:\/\/www.tributoo.com\/it\/kondolenzbuch\/matthias-schmidt\/"]}]},{"@type":"BreadcrumbList","@id":"https:\/\/www.tributoo.com\/it\/kondolenzbuch\/matthias-schmidt\/#breadcrumb","itemListElement":[{"@type":"ListItem","position":1,"name":"Startseite","item":"https:\/\/www.tributoo.com\/"},{"@type":"ListItem","position":2,"name":"Matthias Schmid"}]},{"@type":"WebSite","@id":"https:\/\/www.tributoo.com\/#website","url":"https:\/\/www.tributoo.com\/","name":"Gedenkseite Online","description":"Keeping Memories Alive","publisher":{"@id":"https:\/\/www.tributoo.com\/#organization"},"alternateName":"tributoo","potentialAction":[{"@type":"SearchAction","target":{"@type":"EntryPoint","urlTemplate":"https:\/\/www.tributoo.com\/?s={search_term_string}"},"query-input":{"@type":"PropertyValueSpecification","valueRequired":true,"valueName":"search_term_string"}}],"inLanguage":"it-IT"},{"@type":"Organization","@id":"https:\/\/www.tributoo.com\/#organization","name":"Tributoo","alternateName":"Gedenkseite Online","url":"https:\/\/www.tributoo.com\/","logo":{"@type":"ImageObject","inLanguage":"it-IT","@id":"https:\/\/www.tributoo.com\/#\/schema\/logo\/image\/","url":"https:\/\/www.tributoo.com\/wp-content\/uploads\/2024\/11\/Tributoo_logo_icon.png","contentUrl":"https:\/\/www.tributoo.com\/wp-content\/uploads\/2024\/11\/Tributoo_logo_icon.png","width":360,"height":174,"caption":"Tributoo"},"image":{"@id":"https:\/\/www.tributoo.com\/#\/schema\/logo\/image\/"},"sameAs":["https:\/\/www.facebook.com\/tributoo.official\/"]}]}</script>
<!-- / Yoast SEO plugin. -->

We are deeply saddened to hear of the passing of our colleague Jörn Rittweger. Throughout our collaboration, we greatly appreciated his dedication, professionalism and kindness. It was a pleasure to work with him. Our thoughts and deepest condolences are with his family during this difficult time. Benjamin Aretz, Tanja Hoffmann and Matthias Schmid on behalf of the IMBIE (University of Bonn) Download QR code
