{"id":3211,"date":"2025-05-13T21:15:08","date_gmt":"2025-05-13T19:15:08","guid":{"rendered":"https:\/\/www.tributoo.com\/kondolenzbuch\/christian-liemersdorf\/"},"modified":"2025-05-13T21:15:08","modified_gmt":"2025-05-13T19:15:08","slug":"christian-liemersdorf","status":"publish","type":"kondolenzbuch","link":"https:\/\/www.tributoo.com\/it\/kondolenzbuch\/cristiano-liemersdorf\/","title":{"rendered":"Cristiano Liemersdorf"},"content":{"rendered":"<p>\u00c8 con grande tristezza che abbiamo appreso della scomparsa improvvisa e prematura del nostro collega J\u00f6rn. A nome mio e di tutto il nostro dipartimento, desideriamo esprimere le nostre pi\u00f9 sentite condoglianze alla sua famiglia, ai suoi amici e ai suoi colleghi.<\/p>\n<p>L&#039;inaspettata scomparsa di J\u00f6rn rappresenta una profonda perdita per tutti coloro che hanno avuto il privilegio di lavorare con lui. Il suo contributo professionale si \u00e8 esteso oltre i confini dipartimentali e nazionali, e il suo lavoro ha avuto un impatto significativo sul DLR e a livello internazionale.<\/p>\n<p>Condividiamo il dolore per la sua scomparsa e porgiamo le nostre pi\u00f9 sentite condoglianze a tutti coloro che sono stati colpiti. Vorrei che potessimo dire o fare di pi\u00f9 in questo momento difficile.<br \/>\nCi mancherai, J\u00f6rn.<\/p>\n<div style=\"margin: 20px 0;\"><div class=\"qrcswholewtapper\" style=\"text-align:left;\"><div class=\"qrcprowrapper\"  id=\"qrcwraa2leds\"><div class=\"qrc_canvass\" id=\"qrc_cuttenpages_2\" style=\"display:inline-block\" data-text=\"https:\/\/www.tributoo.com\/it\/kondolenzbuch\/cristiano-liemersdorf\/\"><\/div><div><a download=\"Christian Liemersdorf.png\" class=\"qrcdownloads\" id=\"worign\">\r\n           <button type=\"button\" style=\"min-width:220px;background:#dd9933;color:#ffffff;font-weight: 600;border: 1px solid #dd9933;border-radius:5px;font-size:12px;padding: 6px 0;\" class=\"uqr_code_btn\">Scarica il codice QR<\/button>\r\n           <\/a><\/div><\/div><\/div><\/div>","protected":false},"author":1,"featured_media":0,"template":"","meta":[],"class_list":["post-3211","kondolenzbuch","type-kondolenzbuch","status-publish","hentry"],"yoast_head":"<!-- This site is optimized with the Yoast SEO plugin v27.5 - https:\/\/yoast.com\/product\/yoast-seo-wordpress\/ -->\n<title>Christian Liemersdorf - Online memorial page<\/title>\n<meta name=\"robots\" content=\"index, follow, max-snippet:-1, max-image-preview:large, max-video-preview:-1\" \/>\n<link rel=\"canonical\" href=\"https:\/\/www.tributoo.com\/it\/kondolenzbuch\/cristiano-liemersdorf\/\" \/>\n<meta property=\"og:locale\" content=\"it_IT\" \/>\n<meta property=\"og:type\" content=\"article\" \/>\n<meta property=\"og:title\" content=\"Christian Liemersdorf - Online memorial page\" \/>\n<meta property=\"og:description\" content=\"It is with great sadness that we have learned of the sudden and far too early passing of our colleague J\u00f6rn. On behalf of myself and our entire department, we would like to express our heartfelt condolences to his family, friends, and colleagues. J\u00f6rn\u2019s unexpected passing is a profound loss to all who had the privilege of working with him. His professional contributions extended beyond departmental and national boundaries, and his work had a meaningful impact across the DLR and internationally. We share in the sorrow of his passing and extend our deepest sympathies to everyone affected. I wish, we could say or do more in this difficult time. You will be missed, J\u00f6rn. Download QR code\" \/>\n<meta property=\"og:url\" content=\"https:\/\/www.tributoo.com\/it\/kondolenzbuch\/cristiano-liemersdorf\/\" \/>\n<meta property=\"og:site_name\" content=\"Online memorial page\" \/>\n<meta property=\"article:publisher\" content=\"https:\/\/www.facebook.com\/tributoo.official\/\" \/>\n<meta property=\"og:image\" content=\"https:\/\/www.tributoo.com\/wp-content\/uploads\/2024\/10\/tributoo_home_1.webp\" \/>\n\t<meta property=\"og:image:width\" content=\"2048\" \/>\n\t<meta property=\"og:image:height\" content=\"1198\" \/>\n\t<meta property=\"og:image:type\" content=\"image\/webp\" \/>\n<meta name=\"twitter:card\" content=\"summary_large_image\" \/>\n<meta name=\"twitter:label1\" content=\"Tempo di lettura stimato\" \/>\n\t<meta name=\"twitter:data1\" content=\"1 minuto\" \/>\n<script type=\"application\/ld+json\" class=\"yoast-schema-graph\">{\"@context\":\"https:\\\/\\\/schema.org\",\"@graph\":[{\"@type\":\"WebPage\",\"@id\":\"https:\\\/\\\/www.tributoo.com\\\/it\\\/kondolenzbuch\\\/cristiano-liemersdorf\\\/\",\"url\":\"https:\\\/\\\/www.tributoo.com\\\/it\\\/kondolenzbuch\\\/cristiano-liemersdorf\\\/\",\"name\":\"Christian Liemersdorf - Online memorial page\",\"isPartOf\":{\"@id\":\"https:\\\/\\\/www.tributoo.com\\\/#website\"},\"datePublished\":\"2025-05-13T19:15:08+00:00\",\"breadcrumb\":{\"@id\":\"https:\\\/\\\/www.tributoo.com\\\/it\\\/kondolenzbuch\\\/cristiano-liemersdorf\\\/#breadcrumb\"},\"inLanguage\":\"it-IT\",\"potentialAction\":[{\"@type\":\"ReadAction\",\"target\":[\"https:\\\/\\\/www.tributoo.com\\\/it\\\/kondolenzbuch\\\/cristiano-liemersdorf\\\/\"]}]},{\"@type\":\"BreadcrumbList\",\"@id\":\"https:\\\/\\\/www.tributoo.com\\\/it\\\/kondolenzbuch\\\/cristiano-liemersdorf\\\/#breadcrumb\",\"itemListElement\":[{\"@type\":\"ListItem\",\"position\":1,\"name\":\"Startseite\",\"item\":\"https:\\\/\\\/www.tributoo.com\\\/\"},{\"@type\":\"ListItem\",\"position\":2,\"name\":\"Christian Liemersdorf\"}]},{\"@type\":\"WebSite\",\"@id\":\"https:\\\/\\\/www.tributoo.com\\\/#website\",\"url\":\"https:\\\/\\\/www.tributoo.com\\\/\",\"name\":\"Gedenkseite Online\",\"description\":\"Keeping Memories Alive\",\"publisher\":{\"@id\":\"https:\\\/\\\/www.tributoo.com\\\/#organization\"},\"alternateName\":\"tributoo\",\"potentialAction\":[{\"@type\":\"SearchAction\",\"target\":{\"@type\":\"EntryPoint\",\"urlTemplate\":\"https:\\\/\\\/www.tributoo.com\\\/?s={search_term_string}\"},\"query-input\":{\"@type\":\"PropertyValueSpecification\",\"valueRequired\":true,\"valueName\":\"search_term_string\"}}],\"inLanguage\":\"it-IT\"},{\"@type\":\"Organization\",\"@id\":\"https:\\\/\\\/www.tributoo.com\\\/#organization\",\"name\":\"Tributoo\",\"alternateName\":\"Gedenkseite Online\",\"url\":\"https:\\\/\\\/www.tributoo.com\\\/\",\"logo\":{\"@type\":\"ImageObject\",\"inLanguage\":\"it-IT\",\"@id\":\"https:\\\/\\\/www.tributoo.com\\\/#\\\/schema\\\/logo\\\/image\\\/\",\"url\":\"https:\\\/\\\/www.tributoo.com\\\/wp-content\\\/uploads\\\/2024\\\/11\\\/Tributoo_logo_icon.png\",\"contentUrl\":\"https:\\\/\\\/www.tributoo.com\\\/wp-content\\\/uploads\\\/2024\\\/11\\\/Tributoo_logo_icon.png\",\"width\":360,\"height\":174,\"caption\":\"Tributoo\"},\"image\":{\"@id\":\"https:\\\/\\\/www.tributoo.com\\\/#\\\/schema\\\/logo\\\/image\\\/\"},\"sameAs\":[\"https:\\\/\\\/www.facebook.com\\\/tributoo.official\\\/\"]}]}<\/script>\n<!-- \/ Yoast SEO plugin. -->","yoast_head_json":{"title":"Christian Liemersdorf - Pagina commemorativa online","robots":{"index":"index","follow":"follow","max-snippet":"max-snippet:-1","max-image-preview":"max-image-preview:large","max-video-preview":"max-video-preview:-1"},"canonical":"https:\/\/www.tributoo.com\/it\/kondolenzbuch\/cristiano-liemersdorf\/","og_locale":"it_IT","og_type":"article","og_title":"Christian Liemersdorf - Online memorial page","og_description":"It is with great sadness that we have learned of the sudden and far too early passing of our colleague J\u00f6rn. On behalf of myself and our entire department, we would like to express our heartfelt condolences to his family, friends, and colleagues. J\u00f6rn\u2019s unexpected passing is a profound loss to all who had the privilege of working with him. His professional contributions extended beyond departmental and national boundaries, and his work had a meaningful impact across the DLR and internationally. We share in the sorrow of his passing and extend our deepest sympathies to everyone affected. I wish, we could say or do more in this difficult time. You will be missed, J\u00f6rn. Download QR code","og_url":"https:\/\/www.tributoo.com\/it\/kondolenzbuch\/cristiano-liemersdorf\/","og_site_name":"Online memorial page","article_publisher":"https:\/\/www.facebook.com\/tributoo.official\/","og_image":[{"width":2048,"height":1198,"url":"https:\/\/www.tributoo.com\/wp-content\/uploads\/2024\/10\/tributoo_home_1.webp","type":"image\/webp"}],"twitter_card":"summary_large_image","twitter_misc":{"Tempo di lettura stimato":"1 minuto"},"schema":{"@context":"https:\/\/schema.org","@graph":[{"@type":"WebPage","@id":"https:\/\/www.tributoo.com\/it\/kondolenzbuch\/cristiano-liemersdorf\/","url":"https:\/\/www.tributoo.com\/it\/kondolenzbuch\/cristiano-liemersdorf\/","name":"Christian Liemersdorf - Pagina commemorativa online","isPartOf":{"@id":"https:\/\/www.tributoo.com\/#website"},"datePublished":"2025-05-13T19:15:08+00:00","breadcrumb":{"@id":"https:\/\/www.tributoo.com\/it\/kondolenzbuch\/cristiano-liemersdorf\/#breadcrumb"},"inLanguage":"it-IT","potentialAction":[{"@type":"ReadAction","target":["https:\/\/www.tributoo.com\/it\/kondolenzbuch\/cristiano-liemersdorf\/"]}]},{"@type":"BreadcrumbList","@id":"https:\/\/www.tributoo.com\/it\/kondolenzbuch\/cristiano-liemersdorf\/#breadcrumb","itemListElement":[{"@type":"ListItem","position":1,"name":"Startseite","item":"https:\/\/www.tributoo.com\/"},{"@type":"ListItem","position":2,"name":"Christian Liemersdorf"}]},{"@type":"WebSite","@id":"https:\/\/www.tributoo.com\/#website","url":"https:\/\/www.tributoo.com\/","name":"Pagina principale online","description":"Mantenere vivi i ricordi","publisher":{"@id":"https:\/\/www.tributoo.com\/#organization"},"alternateName":"tributoo","potentialAction":[{"@type":"SearchAction","target":{"@type":"EntryPoint","urlTemplate":"https:\/\/www.tributoo.com\/?s={search_term_string}"},"query-input":{"@type":"PropertyValueSpecification","valueRequired":true,"valueName":"search_term_string"}}],"inLanguage":"it-IT"},{"@type":"Organization","@id":"https:\/\/www.tributoo.com\/#organization","name":"Tributoo","alternateName":"Gedenkseite Online","url":"https:\/\/www.tributoo.com\/","logo":{"@type":"ImageObject","inLanguage":"it-IT","@id":"https:\/\/www.tributoo.com\/#\/schema\/logo\/image\/","url":"https:\/\/www.tributoo.com\/wp-content\/uploads\/2024\/11\/Tributoo_logo_icon.png","contentUrl":"https:\/\/www.tributoo.com\/wp-content\/uploads\/2024\/11\/Tributoo_logo_icon.png","width":360,"height":174,"caption":"Tributoo"},"image":{"@id":"https:\/\/www.tributoo.com\/#\/schema\/logo\/image\/"},"sameAs":["https:\/\/www.facebook.com\/tributoo.official\/"]}]}},"acf":[],"_links":{"self":[{"href":"https:\/\/www.tributoo.com\/it\/wp-json\/wp\/v2\/kondolenzbuch\/3211","targetHints":{"allow":["GET"]}}],"collection":[{"href":"https:\/\/www.tributoo.com\/it\/wp-json\/wp\/v2\/kondolenzbuch"}],"about":[{"href":"https:\/\/www.tributoo.com\/it\/wp-json\/wp\/v2\/types\/kondolenzbuch"}],"author":[{"embeddable":true,"href":"https:\/\/www.tributoo.com\/it\/wp-json\/wp\/v2\/users\/1"}],"wp:attachment":[{"href":"https:\/\/www.tributoo.com\/it\/wp-json\/wp\/v2\/media?parent=3211"}],"curies":[{"name":"parola chiave","href":"https:\/\/api.w.org\/{rel}","templated":true}]}}

<p>È con grande tristezza che abbiamo appreso della scomparsa improvvisa e prematura del nostro collega Jörn. A nome mio e di tutto il nostro dipartimento, desideriamo esprimere le nostre più sentite condoglianze alla sua famiglia, ai suoi amici e ai suoi colleghi.</p>
<p>L&#039;inaspettata scomparsa di Jörn rappresenta una profonda perdita per tutti coloro che hanno avuto il privilegio di lavorare con lui. Il suo contributo professionale si è esteso oltre i confini dipartimentali e nazionali, e il suo lavoro ha avuto un impatto significativo sul DLR e a livello internazionale.</p>
<p>Condividiamo il dolore per la sua scomparsa e porgiamo le nostre più sentite condoglianze a tutti coloro che sono stati colpiti. Vorrei che potessimo dire o fare di più in questo momento difficile.<br />
Ci mancherai, Jörn.</p>
<div style="margin: 20px 0;"><div class="qrcswholewtapper" style="text-align:left;"><div class="qrcprowrapper"  id="qrcwraa2leds"><div class="qrc_canvass" id="qrc_cuttenpages_2" style="display:inline-block" data-text="https://www.tributoo.com/it/kondolenzbuch/cristiano-liemersdorf/"></div><div><a download="Christian Liemersdorf.png" class="qrcdownloads" id="worign">
           <button type="button" style="min-width:220px;background:#dd9933;color:#ffffff;font-weight: 600;border: 1px solid #dd9933;border-radius:5px;font-size:12px;padding: 6px 0;" class="uqr_code_btn">Scarica il codice QR</button>
           </a></div></div></div></div>

<!-- This site is optimized with the Yoast SEO plugin v27.5 - https://yoast.com/product/yoast-seo-wordpress/ -->
<title>Christian Liemersdorf - Online memorial page</title>
<meta name="robots" content="index, follow, max-snippet:-1, max-image-preview:large, max-video-preview:-1" />
<link rel="canonical" href="https://www.tributoo.com/it/kondolenzbuch/cristiano-liemersdorf/" />
<meta property="og:locale" content="it_IT" />
<meta property="og:type" content="article" />
<meta property="og:title" content="Christian Liemersdorf - Online memorial page" />
<meta property="og:description" content="It is with great sadness that we have learned of the sudden and far too early passing of our colleague Jörn. On behalf of myself and our entire department, we would like to express our heartfelt condolences to his family, friends, and colleagues. Jörn’s unexpected passing is a profound loss to all who had the privilege of working with him. His professional contributions extended beyond departmental and national boundaries, and his work had a meaningful impact across the DLR and internationally. We share in the sorrow of his passing and extend our deepest sympathies to everyone affected. I wish, we could say or do more in this difficult time. You will be missed, Jörn. Download QR code" />
<meta property="og:url" content="https://www.tributoo.com/it/kondolenzbuch/cristiano-liemersdorf/" />
<meta property="og:site_name" content="Online memorial page" />
<meta property="article:publisher" content="https://www.facebook.com/tributoo.official/" />
<meta property="og:image" content="https://www.tributoo.com/wp-content/uploads/2024/10/tributoo_home_1.webp" />
	<meta property="og:image:width" content="2048" />
	<meta property="og:image:height" content="1198" />
	<meta property="og:image:type" content="image/webp" />
<meta name="twitter:card" content="summary_large_image" />
<meta name="twitter:label1" content="Tempo di lettura stimato" />
	<meta name="twitter:data1" content="1 minuto" />
<script type="application/ld+json" class="yoast-schema-graph">{"@context":"https:\/\/schema.org","@graph":[{"@type":"WebPage","@id":"https:\/\/www.tributoo.com\/it\/kondolenzbuch\/cristiano-liemersdorf\/","url":"https:\/\/www.tributoo.com\/it\/kondolenzbuch\/cristiano-liemersdorf\/","name":"Christian Liemersdorf - Online memorial page","isPartOf":{"@id":"https:\/\/www.tributoo.com\/#website"},"datePublished":"2025-05-13T19:15:08+00:00","breadcrumb":{"@id":"https:\/\/www.tributoo.com\/it\/kondolenzbuch\/cristiano-liemersdorf\/#breadcrumb"},"inLanguage":"it-IT","potentialAction":[{"@type":"ReadAction","target":["https:\/\/www.tributoo.com\/it\/kondolenzbuch\/cristiano-liemersdorf\/"]}]},{"@type":"BreadcrumbList","@id":"https:\/\/www.tributoo.com\/it\/kondolenzbuch\/cristiano-liemersdorf\/#breadcrumb","itemListElement":[{"@type":"ListItem","position":1,"name":"Startseite","item":"https:\/\/www.tributoo.com\/"},{"@type":"ListItem","position":2,"name":"Christian Liemersdorf"}]},{"@type":"WebSite","@id":"https:\/\/www.tributoo.com\/#website","url":"https:\/\/www.tributoo.com\/","name":"Gedenkseite Online","description":"Keeping Memories Alive","publisher":{"@id":"https:\/\/www.tributoo.com\/#organization"},"alternateName":"tributoo","potentialAction":[{"@type":"SearchAction","target":{"@type":"EntryPoint","urlTemplate":"https:\/\/www.tributoo.com\/?s={search_term_string}"},"query-input":{"@type":"PropertyValueSpecification","valueRequired":true,"valueName":"search_term_string"}}],"inLanguage":"it-IT"},{"@type":"Organization","@id":"https:\/\/www.tributoo.com\/#organization","name":"Tributoo","alternateName":"Gedenkseite Online","url":"https:\/\/www.tributoo.com\/","logo":{"@type":"ImageObject","inLanguage":"it-IT","@id":"https:\/\/www.tributoo.com\/#\/schema\/logo\/image\/","url":"https:\/\/www.tributoo.com\/wp-content\/uploads\/2024\/11\/Tributoo_logo_icon.png","contentUrl":"https:\/\/www.tributoo.com\/wp-content\/uploads\/2024\/11\/Tributoo_logo_icon.png","width":360,"height":174,"caption":"Tributoo"},"image":{"@id":"https:\/\/www.tributoo.com\/#\/schema\/logo\/image\/"},"sameAs":["https:\/\/www.facebook.com\/tributoo.official\/"]}]}</script>
<!-- / Yoast SEO plugin. -->

It is with great sadness that we have learned of the sudden and far too early passing of our colleague Jörn. On behalf of myself and our entire department, we would like to express our heartfelt condolences to his family, friends, and colleagues. Jörn’s unexpected passing is a profound loss to all who had the privilege of working with him. His professional contributions extended beyond departmental and national boundaries, and his work had a meaningful impact across the DLR and internationally. We share in the sorrow of his passing and extend our deepest sympathies to everyone affected. I wish, we could say or do more in this difficult time. You will be missed, Jörn. Download QR code
