{"id":3353,"date":"2025-05-15T19:07:15","date_gmt":"2025-05-15T17:07:15","guid":{"rendered":"https:\/\/www.tributoo.com\/kondolenzbuch\/sophie-rosahl\/"},"modified":"2025-05-15T19:07:16","modified_gmt":"2025-05-15T17:07:16","slug":"sophie-rosahl","status":"publish","type":"kondolenzbuch","link":"https:\/\/www.tributoo.com\/it\/kondolenzbuch\/sophie-rosahl\/","title":{"rendered":"Sophie Rosahl"},"content":{"rendered":"<p>Sono rimasto scioccato nell&#039;apprendere dell&#039;improvvisa scomparsa di J\u00f6rn. Negli ultimi sette anni, \u00e8 stato il mio mentore di dottorato, lavorando con me su un approccio di analisi muscolare tramite ultrasuoni. Sono molto grato di aver potuto imparare dalla sua paziente perseveranza, dalla sua precisione nel mettere in discussione i risultati, dalla sua intraprendenza nel generare idee di ricerca e dalla sua curiosit\u00e0 verso la vita in generale. Aveva una forte visione nel tradurre le sue conoscenze e scoperte nella pratica clinica ed \u00e8 una grande perdita non poterlo pi\u00f9 fare. Spero che, con tutti coloro a cui ha insegnato e le iniziative e i progetti che ha portato avanti, la sua conoscenza e il suo impegno non vadano persi.<br \/>\nDesidero esprimere le mie pi\u00f9 sentite condoglianze alla sua famiglia e ai suoi amici.<\/p>\n<div style=\"margin: 20px 0;\"><div class=\"qrcswholewtapper\" style=\"text-align:left;\"><div class=\"qrcprowrapper\"  id=\"qrcwraa2leds\"><div class=\"qrc_canvass\" id=\"qrc_cuttenpages_2\" style=\"display:inline-block\" data-text=\"https:\/\/www.tributoo.com\/it\/kondolenzbuch\/sophie-rosahl\/\"><\/div><div><a download=\"Sophie Rosahl.png\" class=\"qrcdownloads\" id=\"worign\">\r\n           <button type=\"button\" style=\"min-width:220px;background:#dd9933;color:#ffffff;font-weight: 600;border: 1px solid #dd9933;border-radius:5px;font-size:12px;padding: 6px 0;\" class=\"uqr_code_btn\">Scarica il codice QR<\/button>\r\n           <\/a><\/div><\/div><\/div><\/div>","protected":false},"author":1,"featured_media":0,"template":"","meta":[],"class_list":["post-3353","kondolenzbuch","type-kondolenzbuch","status-publish","hentry"],"yoast_head":"<!-- This site is optimized with the Yoast SEO plugin v27.5 - https:\/\/yoast.com\/product\/yoast-seo-wordpress\/ -->\n<title>Sophie Rosahl - Online memorial page<\/title>\n<meta name=\"robots\" content=\"index, follow, max-snippet:-1, max-image-preview:large, max-video-preview:-1\" \/>\n<link rel=\"canonical\" href=\"https:\/\/www.tributoo.com\/it\/kondolenzbuch\/sophie-rosahl\/\" \/>\n<meta property=\"og:locale\" content=\"it_IT\" \/>\n<meta property=\"og:type\" content=\"article\" \/>\n<meta property=\"og:title\" content=\"Sophie Rosahl - Online memorial page\" \/>\n<meta property=\"og:description\" content=\"I was shocked to hear of J\u00f6rn&#8217;s sudden passing. Over the past seven years, he was my doctoral mentor working with me through an approach of muscle analysis via ultrasound. I am very grateful to have been able to learn from his patient persistence, precision in questioning results, resourcefulness in generating research ideas and curiosity towards life in general. He had a strong vision to translate his knowledge and findings into clinical practice and it is a great loss he does not get to do this anymore. I hope that with everyone he has taught and the initiatives and projects he brought to life, the knowledge and effort will not be lost. I would like to express my heartfelt condolences to his family and friends. Download QR code\" \/>\n<meta property=\"og:url\" content=\"https:\/\/www.tributoo.com\/it\/kondolenzbuch\/sophie-rosahl\/\" \/>\n<meta property=\"og:site_name\" content=\"Online memorial page\" \/>\n<meta property=\"article:publisher\" content=\"https:\/\/www.facebook.com\/tributoo.official\/\" \/>\n<meta property=\"article:modified_time\" content=\"2025-05-15T17:07:16+00:00\" \/>\n<meta property=\"og:image\" content=\"https:\/\/www.tributoo.com\/wp-content\/uploads\/2024\/10\/tributoo_home_1.webp\" \/>\n\t<meta property=\"og:image:width\" content=\"2048\" \/>\n\t<meta property=\"og:image:height\" content=\"1198\" \/>\n\t<meta property=\"og:image:type\" content=\"image\/webp\" \/>\n<meta name=\"twitter:card\" content=\"summary_large_image\" \/>\n<meta name=\"twitter:label1\" content=\"Tempo di lettura stimato\" \/>\n\t<meta name=\"twitter:data1\" content=\"1 minuto\" \/>\n<script type=\"application\/ld+json\" class=\"yoast-schema-graph\">{\"@context\":\"https:\\\/\\\/schema.org\",\"@graph\":[{\"@type\":\"WebPage\",\"@id\":\"https:\\\/\\\/www.tributoo.com\\\/kondolenzbuch\\\/sophie-rosahl\\\/\",\"url\":\"https:\\\/\\\/www.tributoo.com\\\/kondolenzbuch\\\/sophie-rosahl\\\/\",\"name\":\"Sophie Rosahl - Online memorial page\",\"isPartOf\":{\"@id\":\"https:\\\/\\\/www.tributoo.com\\\/#website\"},\"datePublished\":\"2025-05-15T17:07:15+00:00\",\"dateModified\":\"2025-05-15T17:07:16+00:00\",\"breadcrumb\":{\"@id\":\"https:\\\/\\\/www.tributoo.com\\\/kondolenzbuch\\\/sophie-rosahl\\\/#breadcrumb\"},\"inLanguage\":\"it-IT\",\"potentialAction\":[{\"@type\":\"ReadAction\",\"target\":[\"https:\\\/\\\/www.tributoo.com\\\/kondolenzbuch\\\/sophie-rosahl\\\/\"]}]},{\"@type\":\"BreadcrumbList\",\"@id\":\"https:\\\/\\\/www.tributoo.com\\\/kondolenzbuch\\\/sophie-rosahl\\\/#breadcrumb\",\"itemListElement\":[{\"@type\":\"ListItem\",\"position\":1,\"name\":\"Startseite\",\"item\":\"https:\\\/\\\/www.tributoo.com\\\/\"},{\"@type\":\"ListItem\",\"position\":2,\"name\":\"Sophie Rosahl\"}]},{\"@type\":\"WebSite\",\"@id\":\"https:\\\/\\\/www.tributoo.com\\\/#website\",\"url\":\"https:\\\/\\\/www.tributoo.com\\\/\",\"name\":\"Gedenkseite Online\",\"description\":\"Keeping Memories Alive\",\"publisher\":{\"@id\":\"https:\\\/\\\/www.tributoo.com\\\/#organization\"},\"alternateName\":\"tributoo\",\"potentialAction\":[{\"@type\":\"SearchAction\",\"target\":{\"@type\":\"EntryPoint\",\"urlTemplate\":\"https:\\\/\\\/www.tributoo.com\\\/?s={search_term_string}\"},\"query-input\":{\"@type\":\"PropertyValueSpecification\",\"valueRequired\":true,\"valueName\":\"search_term_string\"}}],\"inLanguage\":\"it-IT\"},{\"@type\":\"Organization\",\"@id\":\"https:\\\/\\\/www.tributoo.com\\\/#organization\",\"name\":\"Tributoo\",\"alternateName\":\"Gedenkseite Online\",\"url\":\"https:\\\/\\\/www.tributoo.com\\\/\",\"logo\":{\"@type\":\"ImageObject\",\"inLanguage\":\"it-IT\",\"@id\":\"https:\\\/\\\/www.tributoo.com\\\/#\\\/schema\\\/logo\\\/image\\\/\",\"url\":\"https:\\\/\\\/www.tributoo.com\\\/wp-content\\\/uploads\\\/2024\\\/11\\\/Tributoo_logo_icon.png\",\"contentUrl\":\"https:\\\/\\\/www.tributoo.com\\\/wp-content\\\/uploads\\\/2024\\\/11\\\/Tributoo_logo_icon.png\",\"width\":360,\"height\":174,\"caption\":\"Tributoo\"},\"image\":{\"@id\":\"https:\\\/\\\/www.tributoo.com\\\/#\\\/schema\\\/logo\\\/image\\\/\"},\"sameAs\":[\"https:\\\/\\\/www.facebook.com\\\/tributoo.official\\\/\"]}]}<\/script>\n<!-- \/ Yoast SEO plugin. -->","yoast_head_json":{"title":"Sophie Rosahl - Pagina commemorativa online","robots":{"index":"index","follow":"follow","max-snippet":"max-snippet:-1","max-image-preview":"max-image-preview:large","max-video-preview":"max-video-preview:-1"},"canonical":"https:\/\/www.tributoo.com\/it\/kondolenzbuch\/sophie-rosahl\/","og_locale":"it_IT","og_type":"article","og_title":"Sophie Rosahl - Online memorial page","og_description":"I was shocked to hear of J\u00f6rn&#8217;s sudden passing. Over the past seven years, he was my doctoral mentor working with me through an approach of muscle analysis via ultrasound. I am very grateful to have been able to learn from his patient persistence, precision in questioning results, resourcefulness in generating research ideas and curiosity towards life in general. He had a strong vision to translate his knowledge and findings into clinical practice and it is a great loss he does not get to do this anymore. I hope that with everyone he has taught and the initiatives and projects he brought to life, the knowledge and effort will not be lost. I would like to express my heartfelt condolences to his family and friends. Download QR code","og_url":"https:\/\/www.tributoo.com\/it\/kondolenzbuch\/sophie-rosahl\/","og_site_name":"Online memorial page","article_publisher":"https:\/\/www.facebook.com\/tributoo.official\/","article_modified_time":"2025-05-15T17:07:16+00:00","og_image":[{"width":2048,"height":1198,"url":"https:\/\/www.tributoo.com\/wp-content\/uploads\/2024\/10\/tributoo_home_1.webp","type":"image\/webp"}],"twitter_card":"summary_large_image","twitter_misc":{"Tempo di lettura stimato":"1 minuto"},"schema":{"@context":"https:\/\/schema.org","@graph":[{"@type":"WebPage","@id":"https:\/\/www.tributoo.com\/kondolenzbuch\/sophie-rosahl\/","url":"https:\/\/www.tributoo.com\/kondolenzbuch\/sophie-rosahl\/","name":"Sophie Rosahl - Pagina commemorativa online","isPartOf":{"@id":"https:\/\/www.tributoo.com\/#website"},"datePublished":"2025-05-15T17:07:15+00:00","dateModified":"2025-05-15T17:07:16+00:00","breadcrumb":{"@id":"https:\/\/www.tributoo.com\/kondolenzbuch\/sophie-rosahl\/#breadcrumb"},"inLanguage":"it-IT","potentialAction":[{"@type":"ReadAction","target":["https:\/\/www.tributoo.com\/kondolenzbuch\/sophie-rosahl\/"]}]},{"@type":"BreadcrumbList","@id":"https:\/\/www.tributoo.com\/kondolenzbuch\/sophie-rosahl\/#breadcrumb","itemListElement":[{"@type":"ListItem","position":1,"name":"Startseite","item":"https:\/\/www.tributoo.com\/"},{"@type":"ListItem","position":2,"name":"Sophie Rosahl"}]},{"@type":"WebSite","@id":"https:\/\/www.tributoo.com\/#website","url":"https:\/\/www.tributoo.com\/","name":"Pagina principale online","description":"Mantenere vivi i ricordi","publisher":{"@id":"https:\/\/www.tributoo.com\/#organization"},"alternateName":"tributoo","potentialAction":[{"@type":"SearchAction","target":{"@type":"EntryPoint","urlTemplate":"https:\/\/www.tributoo.com\/?s={search_term_string}"},"query-input":{"@type":"PropertyValueSpecification","valueRequired":true,"valueName":"search_term_string"}}],"inLanguage":"it-IT"},{"@type":"Organization","@id":"https:\/\/www.tributoo.com\/#organization","name":"Tributoo","alternateName":"Gedenkseite Online","url":"https:\/\/www.tributoo.com\/","logo":{"@type":"ImageObject","inLanguage":"it-IT","@id":"https:\/\/www.tributoo.com\/#\/schema\/logo\/image\/","url":"https:\/\/www.tributoo.com\/wp-content\/uploads\/2024\/11\/Tributoo_logo_icon.png","contentUrl":"https:\/\/www.tributoo.com\/wp-content\/uploads\/2024\/11\/Tributoo_logo_icon.png","width":360,"height":174,"caption":"Tributoo"},"image":{"@id":"https:\/\/www.tributoo.com\/#\/schema\/logo\/image\/"},"sameAs":["https:\/\/www.facebook.com\/tributoo.official\/"]}]}},"acf":[],"_links":{"self":[{"href":"https:\/\/www.tributoo.com\/it\/wp-json\/wp\/v2\/kondolenzbuch\/3353","targetHints":{"allow":["GET"]}}],"collection":[{"href":"https:\/\/www.tributoo.com\/it\/wp-json\/wp\/v2\/kondolenzbuch"}],"about":[{"href":"https:\/\/www.tributoo.com\/it\/wp-json\/wp\/v2\/types\/kondolenzbuch"}],"author":[{"embeddable":true,"href":"https:\/\/www.tributoo.com\/it\/wp-json\/wp\/v2\/users\/1"}],"wp:attachment":[{"href":"https:\/\/www.tributoo.com\/it\/wp-json\/wp\/v2\/media?parent=3353"}],"curies":[{"name":"parola chiave","href":"https:\/\/api.w.org\/{rel}","templated":true}]}}

<p>Sono rimasto scioccato nell&#039;apprendere dell&#039;improvvisa scomparsa di Jörn. Negli ultimi sette anni, è stato il mio mentore di dottorato, lavorando con me su un approccio di analisi muscolare tramite ultrasuoni. Sono molto grato di aver potuto imparare dalla sua paziente perseveranza, dalla sua precisione nel mettere in discussione i risultati, dalla sua intraprendenza nel generare idee di ricerca e dalla sua curiosità verso la vita in generale. Aveva una forte visione nel tradurre le sue conoscenze e scoperte nella pratica clinica ed è una grande perdita non poterlo più fare. Spero che, con tutti coloro a cui ha insegnato e le iniziative e i progetti che ha portato avanti, la sua conoscenza e il suo impegno non vadano persi.<br />
Desidero esprimere le mie più sentite condoglianze alla sua famiglia e ai suoi amici.</p>
<div style="margin: 20px 0;"><div class="qrcswholewtapper" style="text-align:left;"><div class="qrcprowrapper"  id="qrcwraa2leds"><div class="qrc_canvass" id="qrc_cuttenpages_2" style="display:inline-block" data-text="https://www.tributoo.com/it/kondolenzbuch/sophie-rosahl/"></div><div><a download="Sophie Rosahl.png" class="qrcdownloads" id="worign">
           <button type="button" style="min-width:220px;background:#dd9933;color:#ffffff;font-weight: 600;border: 1px solid #dd9933;border-radius:5px;font-size:12px;padding: 6px 0;" class="uqr_code_btn">Scarica il codice QR</button>
           </a></div></div></div></div>

<!-- This site is optimized with the Yoast SEO plugin v27.5 - https://yoast.com/product/yoast-seo-wordpress/ -->
<title>Sophie Rosahl - Online memorial page</title>
<meta name="robots" content="index, follow, max-snippet:-1, max-image-preview:large, max-video-preview:-1" />
<link rel="canonical" href="https://www.tributoo.com/it/kondolenzbuch/sophie-rosahl/" />
<meta property="og:locale" content="it_IT" />
<meta property="og:type" content="article" />
<meta property="og:title" content="Sophie Rosahl - Online memorial page" />
<meta property="og:description" content="I was shocked to hear of Jörn&#8217;s sudden passing. Over the past seven years, he was my doctoral mentor working with me through an approach of muscle analysis via ultrasound. I am very grateful to have been able to learn from his patient persistence, precision in questioning results, resourcefulness in generating research ideas and curiosity towards life in general. He had a strong vision to translate his knowledge and findings into clinical practice and it is a great loss he does not get to do this anymore. I hope that with everyone he has taught and the initiatives and projects he brought to life, the knowledge and effort will not be lost. I would like to express my heartfelt condolences to his family and friends. Download QR code" />
<meta property="og:url" content="https://www.tributoo.com/it/kondolenzbuch/sophie-rosahl/" />
<meta property="og:site_name" content="Online memorial page" />
<meta property="article:publisher" content="https://www.facebook.com/tributoo.official/" />
<meta property="article:modified_time" content="2025-05-15T17:07:16+00:00" />
<meta property="og:image" content="https://www.tributoo.com/wp-content/uploads/2024/10/tributoo_home_1.webp" />
	<meta property="og:image:width" content="2048" />
	<meta property="og:image:height" content="1198" />
	<meta property="og:image:type" content="image/webp" />
<meta name="twitter:card" content="summary_large_image" />
<meta name="twitter:label1" content="Tempo di lettura stimato" />
	<meta name="twitter:data1" content="1 minuto" />
<script type="application/ld+json" class="yoast-schema-graph">{"@context":"https:\/\/schema.org","@graph":[{"@type":"WebPage","@id":"https:\/\/www.tributoo.com\/kondolenzbuch\/sophie-rosahl\/","url":"https:\/\/www.tributoo.com\/kondolenzbuch\/sophie-rosahl\/","name":"Sophie Rosahl - Online memorial page","isPartOf":{"@id":"https:\/\/www.tributoo.com\/#website"},"datePublished":"2025-05-15T17:07:15+00:00","dateModified":"2025-05-15T17:07:16+00:00","breadcrumb":{"@id":"https:\/\/www.tributoo.com\/kondolenzbuch\/sophie-rosahl\/#breadcrumb"},"inLanguage":"it-IT","potentialAction":[{"@type":"ReadAction","target":["https:\/\/www.tributoo.com\/kondolenzbuch\/sophie-rosahl\/"]}]},{"@type":"BreadcrumbList","@id":"https:\/\/www.tributoo.com\/kondolenzbuch\/sophie-rosahl\/#breadcrumb","itemListElement":[{"@type":"ListItem","position":1,"name":"Startseite","item":"https:\/\/www.tributoo.com\/"},{"@type":"ListItem","position":2,"name":"Sophie Rosahl"}]},{"@type":"WebSite","@id":"https:\/\/www.tributoo.com\/#website","url":"https:\/\/www.tributoo.com\/","name":"Gedenkseite Online","description":"Keeping Memories Alive","publisher":{"@id":"https:\/\/www.tributoo.com\/#organization"},"alternateName":"tributoo","potentialAction":[{"@type":"SearchAction","target":{"@type":"EntryPoint","urlTemplate":"https:\/\/www.tributoo.com\/?s={search_term_string}"},"query-input":{"@type":"PropertyValueSpecification","valueRequired":true,"valueName":"search_term_string"}}],"inLanguage":"it-IT"},{"@type":"Organization","@id":"https:\/\/www.tributoo.com\/#organization","name":"Tributoo","alternateName":"Gedenkseite Online","url":"https:\/\/www.tributoo.com\/","logo":{"@type":"ImageObject","inLanguage":"it-IT","@id":"https:\/\/www.tributoo.com\/#\/schema\/logo\/image\/","url":"https:\/\/www.tributoo.com\/wp-content\/uploads\/2024\/11\/Tributoo_logo_icon.png","contentUrl":"https:\/\/www.tributoo.com\/wp-content\/uploads\/2024\/11\/Tributoo_logo_icon.png","width":360,"height":174,"caption":"Tributoo"},"image":{"@id":"https:\/\/www.tributoo.com\/#\/schema\/logo\/image\/"},"sameAs":["https:\/\/www.facebook.com\/tributoo.official\/"]}]}</script>
<!-- / Yoast SEO plugin. -->

I was shocked to hear of Jörn&#8217;s sudden passing. Over the past seven years, he was my doctoral mentor working with me through an approach of muscle analysis via ultrasound. I am very grateful to have been able to learn from his patient persistence, precision in questioning results, resourcefulness in generating research ideas and curiosity towards life in general. He had a strong vision to translate his knowledge and findings into clinical practice and it is a great loss he does not get to do this anymore. I hope that with everyone he has taught and the initiatives and projects he brought to life, the knowledge and effort will not be lost. I would like to express my heartfelt condolences to his family and friends. Download QR code
