{"id":8549,"date":"2025-12-04T15:32:11","date_gmt":"2025-12-04T14:32:11","guid":{"rendered":"https:\/\/www.tributoo.com\/kondolenzbuch\/martin-potter\/"},"modified":"2025-12-04T15:32:12","modified_gmt":"2025-12-04T14:32:12","slug":"martin-potter","status":"publish","type":"kondolenzbuch","link":"https:\/\/www.tributoo.com\/it\/kondolenzbuch\/martin-potter\/","title":{"rendered":"Martin Potter"},"content":{"rendered":"<p>Ho conosciuto Monique 11 anni fa, quando sono entrata a far parte di BEKO, e la sua natura amichevole e premurosa \u00e8 sempre stata al centro dei valori familiari di BEKO. Ho avuto il piacere di lavorare a stretto contatto con lei durante il trasferimento della sede di BEKO UK, un periodo in cui mi ha offerto la sua guida, lasciandomi al contempo lo spazio necessario per contribuire a definire la direzione dell&#039;azienda.<\/p>\n<p>Monique ha sempre mostrato un sincero interesse per la mia famiglia; ogni volta che la vedevo, una delle prime domande che mi faceva era sempre: &quot;Come stanno Diane e le ragazze?&quot;.\u201c<\/p>\n<p>I suoi valori continuano a vivere in tutta la famiglia e sono certo che Yannick, Vincent e Annabelle continueranno a custodire i ricordi e gli insegnamenti che ha trasmesso loro. Non ho dubbi che Monique sarebbe incredibilmente orgogliosa della direzione che stanno dando all&#039;azienda.<\/p>\n<p>Monique, grazie per l&#039;opportunit\u00e0. Ci mancherai moltissimo, ma la tua eredit\u00e0 continuer\u00e0 a vivere attraverso BEKO e attraverso la tua famiglia, che continua a portare avanti il tuo spirito.<\/p>\n<div style=\"margin: 20px 0;\"><div class=\"qrcswholewtapper\" style=\"text-align:left;\"><div class=\"qrcprowrapper\"  id=\"qrcwraa2leds\"><div class=\"qrc_canvass\" id=\"qrc_cuttenpages_2\" style=\"display:inline-block\" data-text=\"https:\/\/www.tributoo.com\/it\/kondolenzbuch\/martin-potter\/\"><\/div><div><a download=\"Martin Potter.png\" class=\"qrcdownloads\" id=\"worign\">\r\n           <button type=\"button\" style=\"min-width:220px;background:#dd9933;color:#ffffff;font-weight: 600;border: 1px solid #dd9933;border-radius:5px;font-size:12px;padding: 6px 0;\" class=\"uqr_code_btn\">Scarica il codice QR<\/button>\r\n           <\/a><\/div><\/div><\/div><\/div>","protected":false},"author":1,"featured_media":0,"template":"","meta":[],"class_list":["post-8549","kondolenzbuch","type-kondolenzbuch","status-publish","hentry"],"yoast_head":"<!-- This site is optimized with the Yoast SEO plugin v27.5 - https:\/\/yoast.com\/product\/yoast-seo-wordpress\/ -->\n<title>Martin Potter - Online memorial page<\/title>\n<meta name=\"robots\" content=\"index, follow, max-snippet:-1, max-image-preview:large, max-video-preview:-1\" \/>\n<link rel=\"canonical\" href=\"https:\/\/www.tributoo.com\/it\/kondolenzbuch\/martin-potter\/\" \/>\n<meta property=\"og:locale\" content=\"it_IT\" \/>\n<meta property=\"og:type\" content=\"article\" \/>\n<meta property=\"og:title\" content=\"Martin Potter - Online memorial page\" \/>\n<meta property=\"og:description\" content=\"I first met Monique 11 years ago when I joined BEKO, and her friendly, caring nature has always been at the heart of BEKO\u2019s family values. I had the pleasure of working closely with her during the relocation of BEKO UK, a time when she offered me guidance while also giving me the space to help shape the company\u2019s direction. Monique always took a genuine interest in my family; whenever I saw her, one of her first questions was always, \u201cHow are Diane and the girls?\u201d Her values live on throughout the family, and I am certain that Yannick, Vincent and Annabelle will continue to cherish the memories and lessons she passed on to them. I have no doubt that Monique would be incredibly proud of the direction they are taking the business. Monique, thank you for the opportunity. You will be deeply missed, but your legacy will live on\u2014through BEKO and through your family, who continue to carry your spirit forward. Download QR code\" \/>\n<meta property=\"og:url\" content=\"https:\/\/www.tributoo.com\/it\/kondolenzbuch\/martin-potter\/\" \/>\n<meta property=\"og:site_name\" content=\"Online memorial page\" \/>\n<meta property=\"article:publisher\" content=\"https:\/\/www.facebook.com\/tributoo.official\/\" \/>\n<meta property=\"article:modified_time\" content=\"2025-12-04T14:32:12+00:00\" \/>\n<meta property=\"og:image\" content=\"https:\/\/www.tributoo.com\/wp-content\/uploads\/2024\/10\/tributoo_home_1.webp\" \/>\n\t<meta property=\"og:image:width\" content=\"2048\" \/>\n\t<meta property=\"og:image:height\" content=\"1198\" \/>\n\t<meta property=\"og:image:type\" content=\"image\/webp\" \/>\n<meta name=\"twitter:card\" content=\"summary_large_image\" \/>\n<meta name=\"twitter:label1\" content=\"Tempo di lettura stimato\" \/>\n\t<meta name=\"twitter:data1\" content=\"1 minuto\" \/>\n<script type=\"application\/ld+json\" class=\"yoast-schema-graph\">{\"@context\":\"https:\\\/\\\/schema.org\",\"@graph\":[{\"@type\":\"WebPage\",\"@id\":\"https:\\\/\\\/www.tributoo.com\\\/kondolenzbuch\\\/martin-potter\\\/\",\"url\":\"https:\\\/\\\/www.tributoo.com\\\/kondolenzbuch\\\/martin-potter\\\/\",\"name\":\"Martin Potter - Online memorial page\",\"isPartOf\":{\"@id\":\"https:\\\/\\\/www.tributoo.com\\\/#website\"},\"datePublished\":\"2025-12-04T14:32:11+00:00\",\"dateModified\":\"2025-12-04T14:32:12+00:00\",\"breadcrumb\":{\"@id\":\"https:\\\/\\\/www.tributoo.com\\\/kondolenzbuch\\\/martin-potter\\\/#breadcrumb\"},\"inLanguage\":\"it-IT\",\"potentialAction\":[{\"@type\":\"ReadAction\",\"target\":[\"https:\\\/\\\/www.tributoo.com\\\/kondolenzbuch\\\/martin-potter\\\/\"]}]},{\"@type\":\"BreadcrumbList\",\"@id\":\"https:\\\/\\\/www.tributoo.com\\\/kondolenzbuch\\\/martin-potter\\\/#breadcrumb\",\"itemListElement\":[{\"@type\":\"ListItem\",\"position\":1,\"name\":\"Startseite\",\"item\":\"https:\\\/\\\/www.tributoo.com\\\/\"},{\"@type\":\"ListItem\",\"position\":2,\"name\":\"Martin Potter\"}]},{\"@type\":\"WebSite\",\"@id\":\"https:\\\/\\\/www.tributoo.com\\\/#website\",\"url\":\"https:\\\/\\\/www.tributoo.com\\\/\",\"name\":\"Gedenkseite Online\",\"description\":\"Keeping Memories Alive\",\"publisher\":{\"@id\":\"https:\\\/\\\/www.tributoo.com\\\/#organization\"},\"alternateName\":\"tributoo\",\"potentialAction\":[{\"@type\":\"SearchAction\",\"target\":{\"@type\":\"EntryPoint\",\"urlTemplate\":\"https:\\\/\\\/www.tributoo.com\\\/?s={search_term_string}\"},\"query-input\":{\"@type\":\"PropertyValueSpecification\",\"valueRequired\":true,\"valueName\":\"search_term_string\"}}],\"inLanguage\":\"it-IT\"},{\"@type\":\"Organization\",\"@id\":\"https:\\\/\\\/www.tributoo.com\\\/#organization\",\"name\":\"Tributoo\",\"alternateName\":\"Gedenkseite Online\",\"url\":\"https:\\\/\\\/www.tributoo.com\\\/\",\"logo\":{\"@type\":\"ImageObject\",\"inLanguage\":\"it-IT\",\"@id\":\"https:\\\/\\\/www.tributoo.com\\\/#\\\/schema\\\/logo\\\/image\\\/\",\"url\":\"https:\\\/\\\/www.tributoo.com\\\/wp-content\\\/uploads\\\/2024\\\/11\\\/Tributoo_logo_icon.png\",\"contentUrl\":\"https:\\\/\\\/www.tributoo.com\\\/wp-content\\\/uploads\\\/2024\\\/11\\\/Tributoo_logo_icon.png\",\"width\":360,\"height\":174,\"caption\":\"Tributoo\"},\"image\":{\"@id\":\"https:\\\/\\\/www.tributoo.com\\\/#\\\/schema\\\/logo\\\/image\\\/\"},\"sameAs\":[\"https:\\\/\\\/www.facebook.com\\\/tributoo.official\\\/\"]}]}<\/script>\n<!-- \/ Yoast SEO plugin. -->","yoast_head_json":{"title":"Martin Potter - Pagina commemorativa online","robots":{"index":"index","follow":"follow","max-snippet":"max-snippet:-1","max-image-preview":"max-image-preview:large","max-video-preview":"max-video-preview:-1"},"canonical":"https:\/\/www.tributoo.com\/it\/kondolenzbuch\/martin-potter\/","og_locale":"it_IT","og_type":"article","og_title":"Martin Potter - Online memorial page","og_description":"I first met Monique 11 years ago when I joined BEKO, and her friendly, caring nature has always been at the heart of BEKO\u2019s family values. I had the pleasure of working closely with her during the relocation of BEKO UK, a time when she offered me guidance while also giving me the space to help shape the company\u2019s direction. Monique always took a genuine interest in my family; whenever I saw her, one of her first questions was always, \u201cHow are Diane and the girls?\u201d Her values live on throughout the family, and I am certain that Yannick, Vincent and Annabelle will continue to cherish the memories and lessons she passed on to them. I have no doubt that Monique would be incredibly proud of the direction they are taking the business. Monique, thank you for the opportunity. You will be deeply missed, but your legacy will live on\u2014through BEKO and through your family, who continue to carry your spirit forward. Download QR code","og_url":"https:\/\/www.tributoo.com\/it\/kondolenzbuch\/martin-potter\/","og_site_name":"Online memorial page","article_publisher":"https:\/\/www.facebook.com\/tributoo.official\/","article_modified_time":"2025-12-04T14:32:12+00:00","og_image":[{"width":2048,"height":1198,"url":"https:\/\/www.tributoo.com\/wp-content\/uploads\/2024\/10\/tributoo_home_1.webp","type":"image\/webp"}],"twitter_card":"summary_large_image","twitter_misc":{"Tempo di lettura stimato":"1 minuto"},"schema":{"@context":"https:\/\/schema.org","@graph":[{"@type":"WebPage","@id":"https:\/\/www.tributoo.com\/kondolenzbuch\/martin-potter\/","url":"https:\/\/www.tributoo.com\/kondolenzbuch\/martin-potter\/","name":"Martin Potter - Pagina commemorativa online","isPartOf":{"@id":"https:\/\/www.tributoo.com\/#website"},"datePublished":"2025-12-04T14:32:11+00:00","dateModified":"2025-12-04T14:32:12+00:00","breadcrumb":{"@id":"https:\/\/www.tributoo.com\/kondolenzbuch\/martin-potter\/#breadcrumb"},"inLanguage":"it-IT","potentialAction":[{"@type":"ReadAction","target":["https:\/\/www.tributoo.com\/kondolenzbuch\/martin-potter\/"]}]},{"@type":"BreadcrumbList","@id":"https:\/\/www.tributoo.com\/kondolenzbuch\/martin-potter\/#breadcrumb","itemListElement":[{"@type":"ListItem","position":1,"name":"Startseite","item":"https:\/\/www.tributoo.com\/"},{"@type":"ListItem","position":2,"name":"Martin Potter"}]},{"@type":"WebSite","@id":"https:\/\/www.tributoo.com\/#website","url":"https:\/\/www.tributoo.com\/","name":"Pagina principale online","description":"Mantenere vivi i ricordi","publisher":{"@id":"https:\/\/www.tributoo.com\/#organization"},"alternateName":"tributoo","potentialAction":[{"@type":"SearchAction","target":{"@type":"EntryPoint","urlTemplate":"https:\/\/www.tributoo.com\/?s={search_term_string}"},"query-input":{"@type":"PropertyValueSpecification","valueRequired":true,"valueName":"search_term_string"}}],"inLanguage":"it-IT"},{"@type":"Organization","@id":"https:\/\/www.tributoo.com\/#organization","name":"Tributoo","alternateName":"Gedenkseite Online","url":"https:\/\/www.tributoo.com\/","logo":{"@type":"ImageObject","inLanguage":"it-IT","@id":"https:\/\/www.tributoo.com\/#\/schema\/logo\/image\/","url":"https:\/\/www.tributoo.com\/wp-content\/uploads\/2024\/11\/Tributoo_logo_icon.png","contentUrl":"https:\/\/www.tributoo.com\/wp-content\/uploads\/2024\/11\/Tributoo_logo_icon.png","width":360,"height":174,"caption":"Tributoo"},"image":{"@id":"https:\/\/www.tributoo.com\/#\/schema\/logo\/image\/"},"sameAs":["https:\/\/www.facebook.com\/tributoo.official\/"]}]}},"acf":[],"_links":{"self":[{"href":"https:\/\/www.tributoo.com\/it\/wp-json\/wp\/v2\/kondolenzbuch\/8549","targetHints":{"allow":["GET"]}}],"collection":[{"href":"https:\/\/www.tributoo.com\/it\/wp-json\/wp\/v2\/kondolenzbuch"}],"about":[{"href":"https:\/\/www.tributoo.com\/it\/wp-json\/wp\/v2\/types\/kondolenzbuch"}],"author":[{"embeddable":true,"href":"https:\/\/www.tributoo.com\/it\/wp-json\/wp\/v2\/users\/1"}],"wp:attachment":[{"href":"https:\/\/www.tributoo.com\/it\/wp-json\/wp\/v2\/media?parent=8549"}],"curies":[{"name":"parola chiave","href":"https:\/\/api.w.org\/{rel}","templated":true}]}}

<p>Ho conosciuto Monique 11 anni fa, quando sono entrata a far parte di BEKO, e la sua natura amichevole e premurosa è sempre stata al centro dei valori familiari di BEKO. Ho avuto il piacere di lavorare a stretto contatto con lei durante il trasferimento della sede di BEKO UK, un periodo in cui mi ha offerto la sua guida, lasciandomi al contempo lo spazio necessario per contribuire a definire la direzione dell&#039;azienda.</p>
<p>Monique ha sempre mostrato un sincero interesse per la mia famiglia; ogni volta che la vedevo, una delle prime domande che mi faceva era sempre: &quot;Come stanno Diane e le ragazze?&quot;.“</p>
<p>I suoi valori continuano a vivere in tutta la famiglia e sono certo che Yannick, Vincent e Annabelle continueranno a custodire i ricordi e gli insegnamenti che ha trasmesso loro. Non ho dubbi che Monique sarebbe incredibilmente orgogliosa della direzione che stanno dando all&#039;azienda.</p>
<p>Monique, grazie per l&#039;opportunità. Ci mancherai moltissimo, ma la tua eredità continuerà a vivere attraverso BEKO e attraverso la tua famiglia, che continua a portare avanti il tuo spirito.</p>
<div style="margin: 20px 0;"><div class="qrcswholewtapper" style="text-align:left;"><div class="qrcprowrapper"  id="qrcwraa2leds"><div class="qrc_canvass" id="qrc_cuttenpages_2" style="display:inline-block" data-text="https://www.tributoo.com/it/kondolenzbuch/martin-potter/"></div><div><a download="Martin Potter.png" class="qrcdownloads" id="worign">
           <button type="button" style="min-width:220px;background:#dd9933;color:#ffffff;font-weight: 600;border: 1px solid #dd9933;border-radius:5px;font-size:12px;padding: 6px 0;" class="uqr_code_btn">Scarica il codice QR</button>
           </a></div></div></div></div>
