{"id":8555,"date":"2025-12-11T08:09:26","date_gmt":"2025-12-11T07:09:26","guid":{"rendered":"https:\/\/www.tributoo.com\/kondolenzbuch\/marco-schrey\/"},"modified":"2025-12-11T08:09:27","modified_gmt":"2025-12-11T07:09:27","slug":"marco-schrey","status":"publish","type":"kondolenzbuch","link":"https:\/\/www.tributoo.com\/it\/kondolenzbuch\/marco-schrey\/","title":{"rendered":"Marco Schrey"},"content":{"rendered":"<p>Liebe Familie Koch,<\/p>\n<p>mit gro\u00dfer Best\u00fcrzung habe ich vom Tod Eurer Mutter Monique Abeels erfahren. In den schweren Stunden des Abschieds spreche ich Euch meine aufrichtige Anteilnahme aus.<br \/>\nIch werde sie als einen liebenswerten, mitf\u00fchlenden und begeisternden Menschen in Erinnerung halten.<\/p>\n<p>F\u00fcr die kommende Zeit w\u00fcnsche ich Euch viel Kraft und Zuversicht.<\/p>\n<div style=\"margin: 20px 0;\"><div class=\"qrcswholewtapper\" style=\"text-align:left;\"><div class=\"qrcprowrapper\"  id=\"qrcwraa2leds\"><div class=\"qrc_canvass\" id=\"qrc_cuttenpages_2\" style=\"display:inline-block\" data-text=\"https:\/\/www.tributoo.com\/it\/kondolenzbuch\/marco-schrey\/\"><\/div><div><a download=\"Marco Schrey.png\" class=\"qrcdownloads\" id=\"worign\">\r\n           <button type=\"button\" style=\"min-width:220px;background:#dd9933;color:#ffffff;font-weight: 600;border: 1px solid #dd9933;border-radius:5px;font-size:12px;padding: 6px 0;\" class=\"uqr_code_btn\">Scarica il codice QR<\/button>\r\n           <\/a><\/div><\/div><\/div><\/div>","protected":false},"author":1,"featured_media":0,"template":"","meta":[],"class_list":["post-8555","kondolenzbuch","type-kondolenzbuch","status-publish","hentry"],"yoast_head":"<!-- This site is optimized with the Yoast SEO plugin v27.5 - https:\/\/yoast.com\/product\/yoast-seo-wordpress\/ -->\n<title>Marco Schrey - Online memorial page<\/title>\n<meta name=\"robots\" content=\"index, follow, max-snippet:-1, max-image-preview:large, max-video-preview:-1\" \/>\n<link rel=\"canonical\" href=\"https:\/\/www.tributoo.com\/it\/kondolenzbuch\/marco-schrey\/\" \/>\n<meta property=\"og:locale\" content=\"it_IT\" \/>\n<meta property=\"og:type\" content=\"article\" \/>\n<meta property=\"og:title\" content=\"Marco Schrey - Online memorial page\" \/>\n<meta property=\"og:description\" content=\"Liebe Familie Koch, mit gro\u00dfer Best\u00fcrzung habe ich vom Tod Eurer Mutter Monique Abeels erfahren. In den schweren Stunden des Abschieds spreche ich Euch meine aufrichtige Anteilnahme aus. Ich werde sie als einen liebenswerten, mitf\u00fchlenden und begeisternden Menschen in Erinnerung halten. F\u00fcr die kommende Zeit w\u00fcnsche ich Euch viel Kraft und Zuversicht. Download QR code\" \/>\n<meta property=\"og:url\" content=\"https:\/\/www.tributoo.com\/it\/kondolenzbuch\/marco-schrey\/\" \/>\n<meta property=\"og:site_name\" content=\"Online memorial page\" \/>\n<meta property=\"article:publisher\" content=\"https:\/\/www.facebook.com\/tributoo.official\/\" \/>\n<meta property=\"article:modified_time\" content=\"2025-12-11T07:09:27+00:00\" \/>\n<meta property=\"og:image\" content=\"https:\/\/www.tributoo.com\/wp-content\/uploads\/2024\/10\/tributoo_home_1.webp\" \/>\n\t<meta property=\"og:image:width\" content=\"2048\" \/>\n\t<meta property=\"og:image:height\" content=\"1198\" \/>\n\t<meta property=\"og:image:type\" content=\"image\/webp\" \/>\n<meta name=\"twitter:card\" content=\"summary_large_image\" \/>\n<script type=\"application\/ld+json\" class=\"yoast-schema-graph\">{\"@context\":\"https:\\\/\\\/schema.org\",\"@graph\":[{\"@type\":\"WebPage\",\"@id\":\"https:\\\/\\\/www.tributoo.com\\\/kondolenzbuch\\\/marco-schrey\\\/\",\"url\":\"https:\\\/\\\/www.tributoo.com\\\/kondolenzbuch\\\/marco-schrey\\\/\",\"name\":\"Marco Schrey - Online memorial page\",\"isPartOf\":{\"@id\":\"https:\\\/\\\/www.tributoo.com\\\/#website\"},\"datePublished\":\"2025-12-11T07:09:26+00:00\",\"dateModified\":\"2025-12-11T07:09:27+00:00\",\"breadcrumb\":{\"@id\":\"https:\\\/\\\/www.tributoo.com\\\/kondolenzbuch\\\/marco-schrey\\\/#breadcrumb\"},\"inLanguage\":\"it-IT\",\"potentialAction\":[{\"@type\":\"ReadAction\",\"target\":[\"https:\\\/\\\/www.tributoo.com\\\/kondolenzbuch\\\/marco-schrey\\\/\"]}]},{\"@type\":\"BreadcrumbList\",\"@id\":\"https:\\\/\\\/www.tributoo.com\\\/kondolenzbuch\\\/marco-schrey\\\/#breadcrumb\",\"itemListElement\":[{\"@type\":\"ListItem\",\"position\":1,\"name\":\"Startseite\",\"item\":\"https:\\\/\\\/www.tributoo.com\\\/\"},{\"@type\":\"ListItem\",\"position\":2,\"name\":\"Marco Schrey\"}]},{\"@type\":\"WebSite\",\"@id\":\"https:\\\/\\\/www.tributoo.com\\\/#website\",\"url\":\"https:\\\/\\\/www.tributoo.com\\\/\",\"name\":\"Gedenkseite Online\",\"description\":\"Keeping Memories Alive\",\"publisher\":{\"@id\":\"https:\\\/\\\/www.tributoo.com\\\/#organization\"},\"alternateName\":\"tributoo\",\"potentialAction\":[{\"@type\":\"SearchAction\",\"target\":{\"@type\":\"EntryPoint\",\"urlTemplate\":\"https:\\\/\\\/www.tributoo.com\\\/?s={search_term_string}\"},\"query-input\":{\"@type\":\"PropertyValueSpecification\",\"valueRequired\":true,\"valueName\":\"search_term_string\"}}],\"inLanguage\":\"it-IT\"},{\"@type\":\"Organization\",\"@id\":\"https:\\\/\\\/www.tributoo.com\\\/#organization\",\"name\":\"Tributoo\",\"alternateName\":\"Gedenkseite Online\",\"url\":\"https:\\\/\\\/www.tributoo.com\\\/\",\"logo\":{\"@type\":\"ImageObject\",\"inLanguage\":\"it-IT\",\"@id\":\"https:\\\/\\\/www.tributoo.com\\\/#\\\/schema\\\/logo\\\/image\\\/\",\"url\":\"https:\\\/\\\/www.tributoo.com\\\/wp-content\\\/uploads\\\/2024\\\/11\\\/Tributoo_logo_icon.png\",\"contentUrl\":\"https:\\\/\\\/www.tributoo.com\\\/wp-content\\\/uploads\\\/2024\\\/11\\\/Tributoo_logo_icon.png\",\"width\":360,\"height\":174,\"caption\":\"Tributoo\"},\"image\":{\"@id\":\"https:\\\/\\\/www.tributoo.com\\\/#\\\/schema\\\/logo\\\/image\\\/\"},\"sameAs\":[\"https:\\\/\\\/www.facebook.com\\\/tributoo.official\\\/\"]}]}<\/script>\n<!-- \/ Yoast SEO plugin. -->","yoast_head_json":{"title":"Marco Schrey - Online memorial page","robots":{"index":"index","follow":"follow","max-snippet":"max-snippet:-1","max-image-preview":"max-image-preview:large","max-video-preview":"max-video-preview:-1"},"canonical":"https:\/\/www.tributoo.com\/it\/kondolenzbuch\/marco-schrey\/","og_locale":"it_IT","og_type":"article","og_title":"Marco Schrey - Online memorial page","og_description":"Liebe Familie Koch, mit gro\u00dfer Best\u00fcrzung habe ich vom Tod Eurer Mutter Monique Abeels erfahren. In den schweren Stunden des Abschieds spreche ich Euch meine aufrichtige Anteilnahme aus. Ich werde sie als einen liebenswerten, mitf\u00fchlenden und begeisternden Menschen in Erinnerung halten. F\u00fcr die kommende Zeit w\u00fcnsche ich Euch viel Kraft und Zuversicht. Download QR code","og_url":"https:\/\/www.tributoo.com\/it\/kondolenzbuch\/marco-schrey\/","og_site_name":"Online memorial page","article_publisher":"https:\/\/www.facebook.com\/tributoo.official\/","article_modified_time":"2025-12-11T07:09:27+00:00","og_image":[{"width":2048,"height":1198,"url":"https:\/\/www.tributoo.com\/wp-content\/uploads\/2024\/10\/tributoo_home_1.webp","type":"image\/webp"}],"twitter_card":"summary_large_image","schema":{"@context":"https:\/\/schema.org","@graph":[{"@type":"WebPage","@id":"https:\/\/www.tributoo.com\/kondolenzbuch\/marco-schrey\/","url":"https:\/\/www.tributoo.com\/kondolenzbuch\/marco-schrey\/","name":"Marco Schrey - Online memorial page","isPartOf":{"@id":"https:\/\/www.tributoo.com\/#website"},"datePublished":"2025-12-11T07:09:26+00:00","dateModified":"2025-12-11T07:09:27+00:00","breadcrumb":{"@id":"https:\/\/www.tributoo.com\/kondolenzbuch\/marco-schrey\/#breadcrumb"},"inLanguage":"it-IT","potentialAction":[{"@type":"ReadAction","target":["https:\/\/www.tributoo.com\/kondolenzbuch\/marco-schrey\/"]}]},{"@type":"BreadcrumbList","@id":"https:\/\/www.tributoo.com\/kondolenzbuch\/marco-schrey\/#breadcrumb","itemListElement":[{"@type":"ListItem","position":1,"name":"Startseite","item":"https:\/\/www.tributoo.com\/"},{"@type":"ListItem","position":2,"name":"Marco Schrey"}]},{"@type":"WebSite","@id":"https:\/\/www.tributoo.com\/#website","url":"https:\/\/www.tributoo.com\/","name":"Pagina principale online","description":"Mantenere vivi i ricordi","publisher":{"@id":"https:\/\/www.tributoo.com\/#organization"},"alternateName":"tributoo","potentialAction":[{"@type":"SearchAction","target":{"@type":"EntryPoint","urlTemplate":"https:\/\/www.tributoo.com\/?s={search_term_string}"},"query-input":{"@type":"PropertyValueSpecification","valueRequired":true,"valueName":"search_term_string"}}],"inLanguage":"it-IT"},{"@type":"Organization","@id":"https:\/\/www.tributoo.com\/#organization","name":"Tributoo","alternateName":"Gedenkseite Online","url":"https:\/\/www.tributoo.com\/","logo":{"@type":"ImageObject","inLanguage":"it-IT","@id":"https:\/\/www.tributoo.com\/#\/schema\/logo\/image\/","url":"https:\/\/www.tributoo.com\/wp-content\/uploads\/2024\/11\/Tributoo_logo_icon.png","contentUrl":"https:\/\/www.tributoo.com\/wp-content\/uploads\/2024\/11\/Tributoo_logo_icon.png","width":360,"height":174,"caption":"Tributoo"},"image":{"@id":"https:\/\/www.tributoo.com\/#\/schema\/logo\/image\/"},"sameAs":["https:\/\/www.facebook.com\/tributoo.official\/"]}]}},"acf":[],"_links":{"self":[{"href":"https:\/\/www.tributoo.com\/it\/wp-json\/wp\/v2\/kondolenzbuch\/8555","targetHints":{"allow":["GET"]}}],"collection":[{"href":"https:\/\/www.tributoo.com\/it\/wp-json\/wp\/v2\/kondolenzbuch"}],"about":[{"href":"https:\/\/www.tributoo.com\/it\/wp-json\/wp\/v2\/types\/kondolenzbuch"}],"author":[{"embeddable":true,"href":"https:\/\/www.tributoo.com\/it\/wp-json\/wp\/v2\/users\/1"}],"wp:attachment":[{"href":"https:\/\/www.tributoo.com\/it\/wp-json\/wp\/v2\/media?parent=8555"}],"curies":[{"name":"parola chiave","href":"https:\/\/api.w.org\/{rel}","templated":true}]}}

<p>Liebe Familie Koch,</p>
<p>mit großer Bestürzung habe ich vom Tod Eurer Mutter Monique Abeels erfahren. In den schweren Stunden des Abschieds spreche ich Euch meine aufrichtige Anteilnahme aus.<br />
Ich werde sie als einen liebenswerten, mitfühlenden und begeisternden Menschen in Erinnerung halten.</p>
<p>Für die kommende Zeit wünsche ich Euch viel Kraft und Zuversicht.</p>
<div style="margin: 20px 0;"><div class="qrcswholewtapper" style="text-align:left;"><div class="qrcprowrapper"  id="qrcwraa2leds"><div class="qrc_canvass" id="qrc_cuttenpages_2" style="display:inline-block" data-text="https://www.tributoo.com/it/kondolenzbuch/marco-schrey/"></div><div><a download="Marco Schrey.png" class="qrcdownloads" id="worign">
           <button type="button" style="min-width:220px;background:#dd9933;color:#ffffff;font-weight: 600;border: 1px solid #dd9933;border-radius:5px;font-size:12px;padding: 6px 0;" class="uqr_code_btn">Scarica il codice QR</button>
           </a></div></div></div></div>

<!-- This site is optimized with the Yoast SEO plugin v27.5 - https://yoast.com/product/yoast-seo-wordpress/ -->
<title>Marco Schrey - Online memorial page</title>
<meta name="robots" content="index, follow, max-snippet:-1, max-image-preview:large, max-video-preview:-1" />
<link rel="canonical" href="https://www.tributoo.com/it/kondolenzbuch/marco-schrey/" />
<meta property="og:locale" content="it_IT" />
<meta property="og:type" content="article" />
<meta property="og:title" content="Marco Schrey - Online memorial page" />
<meta property="og:description" content="Liebe Familie Koch, mit großer Bestürzung habe ich vom Tod Eurer Mutter Monique Abeels erfahren. In den schweren Stunden des Abschieds spreche ich Euch meine aufrichtige Anteilnahme aus. Ich werde sie als einen liebenswerten, mitfühlenden und begeisternden Menschen in Erinnerung halten. Für die kommende Zeit wünsche ich Euch viel Kraft und Zuversicht. Download QR code" />
<meta property="og:url" content="https://www.tributoo.com/it/kondolenzbuch/marco-schrey/" />
<meta property="og:site_name" content="Online memorial page" />
<meta property="article:publisher" content="https://www.facebook.com/tributoo.official/" />
<meta property="article:modified_time" content="2025-12-11T07:09:27+00:00" />
<meta property="og:image" content="https://www.tributoo.com/wp-content/uploads/2024/10/tributoo_home_1.webp" />
	<meta property="og:image:width" content="2048" />
	<meta property="og:image:height" content="1198" />
	<meta property="og:image:type" content="image/webp" />
<meta name="twitter:card" content="summary_large_image" />
<script type="application/ld+json" class="yoast-schema-graph">{"@context":"https:\/\/schema.org","@graph":[{"@type":"WebPage","@id":"https:\/\/www.tributoo.com\/kondolenzbuch\/marco-schrey\/","url":"https:\/\/www.tributoo.com\/kondolenzbuch\/marco-schrey\/","name":"Marco Schrey - Online memorial page","isPartOf":{"@id":"https:\/\/www.tributoo.com\/#website"},"datePublished":"2025-12-11T07:09:26+00:00","dateModified":"2025-12-11T07:09:27+00:00","breadcrumb":{"@id":"https:\/\/www.tributoo.com\/kondolenzbuch\/marco-schrey\/#breadcrumb"},"inLanguage":"it-IT","potentialAction":[{"@type":"ReadAction","target":["https:\/\/www.tributoo.com\/kondolenzbuch\/marco-schrey\/"]}]},{"@type":"BreadcrumbList","@id":"https:\/\/www.tributoo.com\/kondolenzbuch\/marco-schrey\/#breadcrumb","itemListElement":[{"@type":"ListItem","position":1,"name":"Startseite","item":"https:\/\/www.tributoo.com\/"},{"@type":"ListItem","position":2,"name":"Marco Schrey"}]},{"@type":"WebSite","@id":"https:\/\/www.tributoo.com\/#website","url":"https:\/\/www.tributoo.com\/","name":"Gedenkseite Online","description":"Keeping Memories Alive","publisher":{"@id":"https:\/\/www.tributoo.com\/#organization"},"alternateName":"tributoo","potentialAction":[{"@type":"SearchAction","target":{"@type":"EntryPoint","urlTemplate":"https:\/\/www.tributoo.com\/?s={search_term_string}"},"query-input":{"@type":"PropertyValueSpecification","valueRequired":true,"valueName":"search_term_string"}}],"inLanguage":"it-IT"},{"@type":"Organization","@id":"https:\/\/www.tributoo.com\/#organization","name":"Tributoo","alternateName":"Gedenkseite Online","url":"https:\/\/www.tributoo.com\/","logo":{"@type":"ImageObject","inLanguage":"it-IT","@id":"https:\/\/www.tributoo.com\/#\/schema\/logo\/image\/","url":"https:\/\/www.tributoo.com\/wp-content\/uploads\/2024\/11\/Tributoo_logo_icon.png","contentUrl":"https:\/\/www.tributoo.com\/wp-content\/uploads\/2024\/11\/Tributoo_logo_icon.png","width":360,"height":174,"caption":"Tributoo"},"image":{"@id":"https:\/\/www.tributoo.com\/#\/schema\/logo\/image\/"},"sameAs":["https:\/\/www.facebook.com\/tributoo.official\/"]}]}</script>
<!-- / Yoast SEO plugin. -->

Liebe Familie Koch, mit großer Bestürzung habe ich vom Tod Eurer Mutter Monique Abeels erfahren. In den schweren Stunden des Abschieds spreche ich Euch meine aufrichtige Anteilnahme aus. Ich werde sie als einen liebenswerten, mitfühlenden und begeisternden Menschen in Erinnerung halten. Für die kommende Zeit wünsche ich Euch viel Kraft und Zuversicht. Download QR code
