{"id":8557,"date":"2025-12-11T11:56:34","date_gmt":"2025-12-11T10:56:34","guid":{"rendered":"https:\/\/www.tributoo.com\/kondolenzbuch\/leandro-orsi\/"},"modified":"2025-12-11T11:56:35","modified_gmt":"2025-12-11T10:56:35","slug":"leandro-orsi","status":"publish","type":"kondolenzbuch","link":"https:\/\/www.tributoo.com\/it\/kondolenzbuch\/leandro-orsi\/","title":{"rendered":"Leandro Orsi"},"content":{"rendered":"<p>Liebe Familie Koch,<br \/>\nes f\u00e4llt schwer, die richtigen Worte zu finden, doch ich m\u00f6chte Euch wissen lassen, dass meine Gedanken in dieser schweren Zeit bei Euch sind. Monique war f\u00fcr mich ein ganz besonderer Mensch \u2013 herzlich, mitf\u00fchlend und voller Lebensfreude. Ich werde sie in liebevoller Erinnerung behalten.<br \/>\nF\u00fcr die kommenden Tage w\u00fcnsche ich Euch viel Kraft, Zusammenhalt und Momente, die Euch Trost schenken.<br \/>\nIn stiller Anteilnahme<br \/>\nLeandro<\/p>\n<div style=\"margin: 20px 0;\"><div class=\"qrcswholewtapper\" style=\"text-align:left;\"><div class=\"qrcprowrapper\"  id=\"qrcwraa2leds\"><div class=\"qrc_canvass\" id=\"qrc_cuttenpages_2\" style=\"display:inline-block\" data-text=\"https:\/\/www.tributoo.com\/it\/kondolenzbuch\/leandro-orsi\/\"><\/div><div><a download=\"Leandro Orsi.png\" class=\"qrcdownloads\" id=\"worign\">\r\n           <button type=\"button\" style=\"min-width:220px;background:#dd9933;color:#ffffff;font-weight: 600;border: 1px solid #dd9933;border-radius:5px;font-size:12px;padding: 6px 0;\" class=\"uqr_code_btn\">Scarica il codice QR<\/button>\r\n           <\/a><\/div><\/div><\/div><\/div>","protected":false},"author":1,"featured_media":0,"template":"","meta":[],"class_list":["post-8557","kondolenzbuch","type-kondolenzbuch","status-publish","hentry"],"yoast_head":"<!-- This site is optimized with the Yoast SEO plugin v27.5 - https:\/\/yoast.com\/product\/yoast-seo-wordpress\/ -->\n<title>Leandro Orsi - Online memorial page<\/title>\n<meta name=\"robots\" content=\"index, follow, max-snippet:-1, max-image-preview:large, max-video-preview:-1\" \/>\n<link rel=\"canonical\" href=\"https:\/\/www.tributoo.com\/it\/kondolenzbuch\/leandro-orsi\/\" \/>\n<meta property=\"og:locale\" content=\"it_IT\" \/>\n<meta property=\"og:type\" content=\"article\" \/>\n<meta property=\"og:title\" content=\"Leandro Orsi - Online memorial page\" \/>\n<meta property=\"og:description\" content=\"Liebe Familie Koch, es f\u00e4llt schwer, die richtigen Worte zu finden, doch ich m\u00f6chte Euch wissen lassen, dass meine Gedanken in dieser schweren Zeit bei Euch sind. Monique war f\u00fcr mich ein ganz besonderer Mensch \u2013 herzlich, mitf\u00fchlend und voller Lebensfreude. Ich werde sie in liebevoller Erinnerung behalten. F\u00fcr die kommenden Tage w\u00fcnsche ich Euch viel Kraft, Zusammenhalt und Momente, die Euch Trost schenken. In stiller Anteilnahme Leandro Download QR code\" \/>\n<meta property=\"og:url\" content=\"https:\/\/www.tributoo.com\/it\/kondolenzbuch\/leandro-orsi\/\" \/>\n<meta property=\"og:site_name\" content=\"Online memorial page\" \/>\n<meta property=\"article:publisher\" content=\"https:\/\/www.facebook.com\/tributoo.official\/\" \/>\n<meta property=\"article:modified_time\" content=\"2025-12-11T10:56:35+00:00\" \/>\n<meta property=\"og:image\" content=\"https:\/\/www.tributoo.com\/wp-content\/uploads\/2024\/10\/tributoo_home_1.webp\" \/>\n\t<meta property=\"og:image:width\" content=\"2048\" \/>\n\t<meta property=\"og:image:height\" content=\"1198\" \/>\n\t<meta property=\"og:image:type\" content=\"image\/webp\" \/>\n<meta name=\"twitter:card\" content=\"summary_large_image\" \/>\n<script type=\"application\/ld+json\" class=\"yoast-schema-graph\">{\"@context\":\"https:\\\/\\\/schema.org\",\"@graph\":[{\"@type\":\"WebPage\",\"@id\":\"https:\\\/\\\/www.tributoo.com\\\/kondolenzbuch\\\/leandro-orsi\\\/\",\"url\":\"https:\\\/\\\/www.tributoo.com\\\/kondolenzbuch\\\/leandro-orsi\\\/\",\"name\":\"Leandro Orsi - Online memorial page\",\"isPartOf\":{\"@id\":\"https:\\\/\\\/www.tributoo.com\\\/#website\"},\"datePublished\":\"2025-12-11T10:56:34+00:00\",\"dateModified\":\"2025-12-11T10:56:35+00:00\",\"breadcrumb\":{\"@id\":\"https:\\\/\\\/www.tributoo.com\\\/kondolenzbuch\\\/leandro-orsi\\\/#breadcrumb\"},\"inLanguage\":\"it-IT\",\"potentialAction\":[{\"@type\":\"ReadAction\",\"target\":[\"https:\\\/\\\/www.tributoo.com\\\/kondolenzbuch\\\/leandro-orsi\\\/\"]}]},{\"@type\":\"BreadcrumbList\",\"@id\":\"https:\\\/\\\/www.tributoo.com\\\/kondolenzbuch\\\/leandro-orsi\\\/#breadcrumb\",\"itemListElement\":[{\"@type\":\"ListItem\",\"position\":1,\"name\":\"Startseite\",\"item\":\"https:\\\/\\\/www.tributoo.com\\\/\"},{\"@type\":\"ListItem\",\"position\":2,\"name\":\"Leandro Orsi\"}]},{\"@type\":\"WebSite\",\"@id\":\"https:\\\/\\\/www.tributoo.com\\\/#website\",\"url\":\"https:\\\/\\\/www.tributoo.com\\\/\",\"name\":\"Gedenkseite Online\",\"description\":\"Keeping Memories Alive\",\"publisher\":{\"@id\":\"https:\\\/\\\/www.tributoo.com\\\/#organization\"},\"alternateName\":\"tributoo\",\"potentialAction\":[{\"@type\":\"SearchAction\",\"target\":{\"@type\":\"EntryPoint\",\"urlTemplate\":\"https:\\\/\\\/www.tributoo.com\\\/?s={search_term_string}\"},\"query-input\":{\"@type\":\"PropertyValueSpecification\",\"valueRequired\":true,\"valueName\":\"search_term_string\"}}],\"inLanguage\":\"it-IT\"},{\"@type\":\"Organization\",\"@id\":\"https:\\\/\\\/www.tributoo.com\\\/#organization\",\"name\":\"Tributoo\",\"alternateName\":\"Gedenkseite Online\",\"url\":\"https:\\\/\\\/www.tributoo.com\\\/\",\"logo\":{\"@type\":\"ImageObject\",\"inLanguage\":\"it-IT\",\"@id\":\"https:\\\/\\\/www.tributoo.com\\\/#\\\/schema\\\/logo\\\/image\\\/\",\"url\":\"https:\\\/\\\/www.tributoo.com\\\/wp-content\\\/uploads\\\/2024\\\/11\\\/Tributoo_logo_icon.png\",\"contentUrl\":\"https:\\\/\\\/www.tributoo.com\\\/wp-content\\\/uploads\\\/2024\\\/11\\\/Tributoo_logo_icon.png\",\"width\":360,\"height\":174,\"caption\":\"Tributoo\"},\"image\":{\"@id\":\"https:\\\/\\\/www.tributoo.com\\\/#\\\/schema\\\/logo\\\/image\\\/\"},\"sameAs\":[\"https:\\\/\\\/www.facebook.com\\\/tributoo.official\\\/\"]}]}<\/script>\n<!-- \/ Yoast SEO plugin. -->","yoast_head_json":{"title":"Leandro Orsi - Online memorial page","robots":{"index":"index","follow":"follow","max-snippet":"max-snippet:-1","max-image-preview":"max-image-preview:large","max-video-preview":"max-video-preview:-1"},"canonical":"https:\/\/www.tributoo.com\/it\/kondolenzbuch\/leandro-orsi\/","og_locale":"it_IT","og_type":"article","og_title":"Leandro Orsi - Online memorial page","og_description":"Liebe Familie Koch, es f\u00e4llt schwer, die richtigen Worte zu finden, doch ich m\u00f6chte Euch wissen lassen, dass meine Gedanken in dieser schweren Zeit bei Euch sind. Monique war f\u00fcr mich ein ganz besonderer Mensch \u2013 herzlich, mitf\u00fchlend und voller Lebensfreude. Ich werde sie in liebevoller Erinnerung behalten. F\u00fcr die kommenden Tage w\u00fcnsche ich Euch viel Kraft, Zusammenhalt und Momente, die Euch Trost schenken. In stiller Anteilnahme Leandro Download QR code","og_url":"https:\/\/www.tributoo.com\/it\/kondolenzbuch\/leandro-orsi\/","og_site_name":"Online memorial page","article_publisher":"https:\/\/www.facebook.com\/tributoo.official\/","article_modified_time":"2025-12-11T10:56:35+00:00","og_image":[{"width":2048,"height":1198,"url":"https:\/\/www.tributoo.com\/wp-content\/uploads\/2024\/10\/tributoo_home_1.webp","type":"image\/webp"}],"twitter_card":"summary_large_image","schema":{"@context":"https:\/\/schema.org","@graph":[{"@type":"WebPage","@id":"https:\/\/www.tributoo.com\/kondolenzbuch\/leandro-orsi\/","url":"https:\/\/www.tributoo.com\/kondolenzbuch\/leandro-orsi\/","name":"Leandro Orsi - Online memorial page","isPartOf":{"@id":"https:\/\/www.tributoo.com\/#website"},"datePublished":"2025-12-11T10:56:34+00:00","dateModified":"2025-12-11T10:56:35+00:00","breadcrumb":{"@id":"https:\/\/www.tributoo.com\/kondolenzbuch\/leandro-orsi\/#breadcrumb"},"inLanguage":"it-IT","potentialAction":[{"@type":"ReadAction","target":["https:\/\/www.tributoo.com\/kondolenzbuch\/leandro-orsi\/"]}]},{"@type":"BreadcrumbList","@id":"https:\/\/www.tributoo.com\/kondolenzbuch\/leandro-orsi\/#breadcrumb","itemListElement":[{"@type":"ListItem","position":1,"name":"Startseite","item":"https:\/\/www.tributoo.com\/"},{"@type":"ListItem","position":2,"name":"Leandro Orsi"}]},{"@type":"WebSite","@id":"https:\/\/www.tributoo.com\/#website","url":"https:\/\/www.tributoo.com\/","name":"Pagina principale online","description":"Mantenere vivi i ricordi","publisher":{"@id":"https:\/\/www.tributoo.com\/#organization"},"alternateName":"tributoo","potentialAction":[{"@type":"SearchAction","target":{"@type":"EntryPoint","urlTemplate":"https:\/\/www.tributoo.com\/?s={search_term_string}"},"query-input":{"@type":"PropertyValueSpecification","valueRequired":true,"valueName":"search_term_string"}}],"inLanguage":"it-IT"},{"@type":"Organization","@id":"https:\/\/www.tributoo.com\/#organization","name":"Tributoo","alternateName":"Gedenkseite Online","url":"https:\/\/www.tributoo.com\/","logo":{"@type":"ImageObject","inLanguage":"it-IT","@id":"https:\/\/www.tributoo.com\/#\/schema\/logo\/image\/","url":"https:\/\/www.tributoo.com\/wp-content\/uploads\/2024\/11\/Tributoo_logo_icon.png","contentUrl":"https:\/\/www.tributoo.com\/wp-content\/uploads\/2024\/11\/Tributoo_logo_icon.png","width":360,"height":174,"caption":"Tributoo"},"image":{"@id":"https:\/\/www.tributoo.com\/#\/schema\/logo\/image\/"},"sameAs":["https:\/\/www.facebook.com\/tributoo.official\/"]}]}},"acf":[],"_links":{"self":[{"href":"https:\/\/www.tributoo.com\/it\/wp-json\/wp\/v2\/kondolenzbuch\/8557","targetHints":{"allow":["GET"]}}],"collection":[{"href":"https:\/\/www.tributoo.com\/it\/wp-json\/wp\/v2\/kondolenzbuch"}],"about":[{"href":"https:\/\/www.tributoo.com\/it\/wp-json\/wp\/v2\/types\/kondolenzbuch"}],"author":[{"embeddable":true,"href":"https:\/\/www.tributoo.com\/it\/wp-json\/wp\/v2\/users\/1"}],"wp:attachment":[{"href":"https:\/\/www.tributoo.com\/it\/wp-json\/wp\/v2\/media?parent=8557"}],"curies":[{"name":"parola chiave","href":"https:\/\/api.w.org\/{rel}","templated":true}]}}

<p>Liebe Familie Koch,<br />
es fällt schwer, die richtigen Worte zu finden, doch ich möchte Euch wissen lassen, dass meine Gedanken in dieser schweren Zeit bei Euch sind. Monique war für mich ein ganz besonderer Mensch – herzlich, mitfühlend und voller Lebensfreude. Ich werde sie in liebevoller Erinnerung behalten.<br />
Für die kommenden Tage wünsche ich Euch viel Kraft, Zusammenhalt und Momente, die Euch Trost schenken.<br />
In stiller Anteilnahme<br />
Leandro</p>
<div style="margin: 20px 0;"><div class="qrcswholewtapper" style="text-align:left;"><div class="qrcprowrapper"  id="qrcwraa2leds"><div class="qrc_canvass" id="qrc_cuttenpages_2" style="display:inline-block" data-text="https://www.tributoo.com/it/kondolenzbuch/leandro-orsi/"></div><div><a download="Leandro Orsi.png" class="qrcdownloads" id="worign">
           <button type="button" style="min-width:220px;background:#dd9933;color:#ffffff;font-weight: 600;border: 1px solid #dd9933;border-radius:5px;font-size:12px;padding: 6px 0;" class="uqr_code_btn">Scarica il codice QR</button>
           </a></div></div></div></div>

<!-- This site is optimized with the Yoast SEO plugin v27.5 - https://yoast.com/product/yoast-seo-wordpress/ -->
<title>Leandro Orsi - Online memorial page</title>
<meta name="robots" content="index, follow, max-snippet:-1, max-image-preview:large, max-video-preview:-1" />
<link rel="canonical" href="https://www.tributoo.com/it/kondolenzbuch/leandro-orsi/" />
<meta property="og:locale" content="it_IT" />
<meta property="og:type" content="article" />
<meta property="og:title" content="Leandro Orsi - Online memorial page" />
<meta property="og:description" content="Liebe Familie Koch, es fällt schwer, die richtigen Worte zu finden, doch ich möchte Euch wissen lassen, dass meine Gedanken in dieser schweren Zeit bei Euch sind. Monique war für mich ein ganz besonderer Mensch – herzlich, mitfühlend und voller Lebensfreude. Ich werde sie in liebevoller Erinnerung behalten. Für die kommenden Tage wünsche ich Euch viel Kraft, Zusammenhalt und Momente, die Euch Trost schenken. In stiller Anteilnahme Leandro Download QR code" />
<meta property="og:url" content="https://www.tributoo.com/it/kondolenzbuch/leandro-orsi/" />
<meta property="og:site_name" content="Online memorial page" />
<meta property="article:publisher" content="https://www.facebook.com/tributoo.official/" />
<meta property="article:modified_time" content="2025-12-11T10:56:35+00:00" />
<meta property="og:image" content="https://www.tributoo.com/wp-content/uploads/2024/10/tributoo_home_1.webp" />
	<meta property="og:image:width" content="2048" />
	<meta property="og:image:height" content="1198" />
	<meta property="og:image:type" content="image/webp" />
<meta name="twitter:card" content="summary_large_image" />
<script type="application/ld+json" class="yoast-schema-graph">{"@context":"https:\/\/schema.org","@graph":[{"@type":"WebPage","@id":"https:\/\/www.tributoo.com\/kondolenzbuch\/leandro-orsi\/","url":"https:\/\/www.tributoo.com\/kondolenzbuch\/leandro-orsi\/","name":"Leandro Orsi - Online memorial page","isPartOf":{"@id":"https:\/\/www.tributoo.com\/#website"},"datePublished":"2025-12-11T10:56:34+00:00","dateModified":"2025-12-11T10:56:35+00:00","breadcrumb":{"@id":"https:\/\/www.tributoo.com\/kondolenzbuch\/leandro-orsi\/#breadcrumb"},"inLanguage":"it-IT","potentialAction":[{"@type":"ReadAction","target":["https:\/\/www.tributoo.com\/kondolenzbuch\/leandro-orsi\/"]}]},{"@type":"BreadcrumbList","@id":"https:\/\/www.tributoo.com\/kondolenzbuch\/leandro-orsi\/#breadcrumb","itemListElement":[{"@type":"ListItem","position":1,"name":"Startseite","item":"https:\/\/www.tributoo.com\/"},{"@type":"ListItem","position":2,"name":"Leandro Orsi"}]},{"@type":"WebSite","@id":"https:\/\/www.tributoo.com\/#website","url":"https:\/\/www.tributoo.com\/","name":"Gedenkseite Online","description":"Keeping Memories Alive","publisher":{"@id":"https:\/\/www.tributoo.com\/#organization"},"alternateName":"tributoo","potentialAction":[{"@type":"SearchAction","target":{"@type":"EntryPoint","urlTemplate":"https:\/\/www.tributoo.com\/?s={search_term_string}"},"query-input":{"@type":"PropertyValueSpecification","valueRequired":true,"valueName":"search_term_string"}}],"inLanguage":"it-IT"},{"@type":"Organization","@id":"https:\/\/www.tributoo.com\/#organization","name":"Tributoo","alternateName":"Gedenkseite Online","url":"https:\/\/www.tributoo.com\/","logo":{"@type":"ImageObject","inLanguage":"it-IT","@id":"https:\/\/www.tributoo.com\/#\/schema\/logo\/image\/","url":"https:\/\/www.tributoo.com\/wp-content\/uploads\/2024\/11\/Tributoo_logo_icon.png","contentUrl":"https:\/\/www.tributoo.com\/wp-content\/uploads\/2024\/11\/Tributoo_logo_icon.png","width":360,"height":174,"caption":"Tributoo"},"image":{"@id":"https:\/\/www.tributoo.com\/#\/schema\/logo\/image\/"},"sameAs":["https:\/\/www.facebook.com\/tributoo.official\/"]}]}</script>
<!-- / Yoast SEO plugin. -->

Liebe Familie Koch, es fällt schwer, die richtigen Worte zu finden, doch ich möchte Euch wissen lassen, dass meine Gedanken in dieser schweren Zeit bei Euch sind. Monique war für mich ein ganz besonderer Mensch – herzlich, mitfühlend und voller Lebensfreude. Ich werde sie in liebevoller Erinnerung behalten. Für die kommenden Tage wünsche ich Euch viel Kraft, Zusammenhalt und Momente, die Euch Trost schenken. In stiller Anteilnahme Leandro Download QR code
